CRAN Package Check Results for Package STGS

Last updated on 2020-02-17 00:49:29 CET.

Flavor Version Tinstall Tcheck Ttotal Status Flags
r-devel-linux-x86_64-debian-clang 0.1.0 10.17 91.19 101.36 OK
r-devel-linux-x86_64-debian-gcc 0.1.0 7.76 72.36 80.12 OK
r-devel-linux-x86_64-fedora-clang 0.1.0 121.77 OK
r-devel-windows-ix86+x86_64 0.1.0 19.00 105.00 124.00 OK
r-devel-windows-ix86+x86_64-gcc8 0.1.0 22.00 124.00 146.00 OK
r-patched-linux-x86_64 0.1.0 7.54 80.56 88.10 OK
r-patched-solaris-x86 0.1.0 158.70 OK
r-release-linux-x86_64 0.1.0 7.88 79.50 87.38 OK
r-release-windows-ix86+x86_64 0.1.0 16.00 84.00 100.00 OK
r-release-osx-x86_64 0.1.0 OK
r-oldrel-osx-x86_64 0.1.0 ERROR

Check Details

Version: 0.1.0
Check: whether package can be installed
Result: ERROR
    Installation failed.
Flavor: r-oldrel-osx-x86_64