CRAN Package Check Results for Package STMotif

Last updated on 2020-05-28 01:53:30 CEST.

Flavor Version Tinstall Tcheck Ttotal Status Flags
r-devel-linux-x86_64-debian-clang 2.0.0 5.09 49.59 54.68 OK
r-devel-linux-x86_64-debian-gcc 2.0.0 4.21 37.95 42.16 OK
r-devel-linux-x86_64-fedora-clang 2.0.0 66.96 NOTE
r-devel-linux-x86_64-fedora-gcc 2.0.0 64.39 NOTE
r-devel-windows-ix86+x86_64 2.0.0 23.00 89.00 112.00 OK
r-patched-linux-x86_64 2.0.0 5.57 48.07 53.64 OK
r-patched-solaris-x86 2.0.0 95.60 NOTE
r-release-linux-x86_64 2.0.0 4.91 48.96 53.87 OK
r-release-osx-x86_64 2.0.0 NOTE
r-release-windows-ix86+x86_64 2.0.0 14.00 67.00 81.00 OK
r-oldrel-osx-x86_64 2.0.0 NOTE
r-oldrel-windows-ix86+x86_64 2.0.0 11.00 61.00 72.00 OK

Check Details

Version: 2.0.0
Check: dependencies in R code
Result: NOTE
    Namespace in Imports field not imported from: ‘shiny’
     All declared Imports should be used.
Flavors: r-devel-linux-x86_64-fedora-clang, r-devel-linux-x86_64-fedora-gcc, r-patched-solaris-x86, r-release-osx-x86_64, r-oldrel-osx-x86_64