CRAN Package Check Results for Package SUMMER

Last updated on 2022-12-09 01:50:43 CET.

Flavor Version Tinstall Tcheck Ttotal Status Flags
r-devel-linux-x86_64-debian-clang 1.3.0 27.63 163.55 191.18 NOTE
r-devel-linux-x86_64-debian-gcc 1.3.0 20.47 155.72 176.19 NOTE
r-devel-linux-x86_64-fedora-clang 1.3.0 253.25 NOTE
r-devel-linux-x86_64-fedora-gcc 1.3.0 247.69 OK
r-devel-windows-x86_64 1.3.0 32.00 297.00 329.00 NOTE
r-patched-linux-x86_64 1.3.0 26.96 155.74 182.70 NOTE
r-release-linux-x86_64 1.3.0 18.61 150.82 169.43 NOTE
r-release-macos-arm64 1.3.0 64.00 NOTE
r-release-macos-x86_64 1.3.0 87.00 NOTE
r-release-windows-x86_64 1.3.0 46.00 189.00 235.00 NOTE
r-oldrel-macos-arm64 1.3.0 63.00 NOTE
r-oldrel-macos-x86_64 1.3.0 88.00 NOTE
r-oldrel-windows-ix86+x86_64 1.3.0 53.00 185.00 238.00 NOTE

Check Details

Version: 1.3.0
Check: package dependencies
Result: NOTE
    Package suggested but not available for checking: 'INLA'
Flavors: r-devel-linux-x86_64-debian-clang, r-devel-linux-x86_64-debian-gcc, r-devel-windows-x86_64, r-patched-linux-x86_64, r-release-linux-x86_64, r-release-macos-arm64, r-release-macos-x86_64, r-release-windows-x86_64, r-oldrel-macos-arm64, r-oldrel-macos-x86_64

Version: 1.3.0
Check: installed package size
Result: NOTE
     installed size is 5.9Mb
     sub-directories of 1Mb or more:
     data 2.0Mb
     doc 3.3Mb
Flavors: r-devel-linux-x86_64-fedora-clang, r-devel-windows-x86_64, r-release-macos-arm64, r-release-macos-x86_64, r-release-windows-x86_64, r-oldrel-macos-arm64, r-oldrel-macos-x86_64, r-oldrel-windows-ix86+x86_64