CRAN Package Check Results for Package SUMMER

Last updated on 2020-04-08 01:49:13 CEST.

Flavor Version Tinstall Tcheck Ttotal Status Flags
r-devel-linux-x86_64-debian-clang 0.3.0 16.52 109.57 126.09 NOTE
r-devel-linux-x86_64-debian-gcc 0.3.0 12.95 82.68 95.63 NOTE
r-devel-linux-x86_64-fedora-clang 0.3.0 152.62 NOTE
r-devel-linux-x86_64-fedora-gcc 0.3.0 147.37 OK
r-devel-windows-ix86+x86_64 0.3.0 27.00 124.00 151.00 NOTE
r-devel-windows-ix86+x86_64-gcc8 0.3.0 28.00 116.00 144.00 NOTE
r-patched-linux-x86_64 0.3.0 14.67 104.16 118.83 NOTE
r-patched-solaris-x86 0.3.0 214.00 NOTE --no-vignettes
r-release-linux-x86_64 0.3.0 13.18 92.22 105.40 NOTE
r-release-windows-ix86+x86_64 0.3.0 28.00 187.00 215.00 NOTE
r-release-osx-x86_64 0.3.0 NOTE
r-oldrel-windows-ix86+x86_64 0.3.0 20.00 106.00 126.00 NOTE
r-oldrel-osx-x86_64 0.3.0 NOTE

Check Details

Version: 0.3.0
Check: package dependencies
Result: NOTE
    Package suggested but not available for checking: 'INLA'
Flavors: r-devel-linux-x86_64-debian-clang, r-devel-linux-x86_64-debian-gcc, r-patched-linux-x86_64, r-release-linux-x86_64, r-release-osx-x86_64, r-oldrel-osx-x86_64

Version: 0.3.0
Check: installed package size
Result: NOTE
     installed size is 6.4Mb
     sub-directories of 1Mb or more:
     data 2.7Mb
     doc 3.4Mb
Flavors: r-devel-linux-x86_64-fedora-clang, r-devel-windows-ix86+x86_64, r-devel-windows-ix86+x86_64-gcc8, r-release-windows-ix86+x86_64, r-release-osx-x86_64, r-oldrel-windows-ix86+x86_64, r-oldrel-osx-x86_64

Version: 0.3.0
Flags: --no-vignettes
Check: package dependencies
Result: NOTE
    Package suggested but not available for checking: ‘INLA’
Flavor: r-patched-solaris-x86

Version: 0.3.0
Flags: --no-vignettes
Check: installed package size
Result: NOTE
     installed size is 6.8Mb
     sub-directories of 1Mb or more:
     data 2.8Mb
     doc 3.5Mb
Flavor: r-patched-solaris-x86