CRAN Package Check Results for Package SUNGEO

Last updated on 2021-06-22 01:49:34 CEST.

Flavor Version Tinstall Tcheck Ttotal Status Flags
r-devel-linux-x86_64-debian-clang 0.2.22 23.16 186.48 209.64 OK
r-devel-linux-x86_64-debian-gcc 0.2.22 16.64 138.53 155.17 OK
r-devel-linux-x86_64-fedora-clang 0.2.22 261.18 OK
r-devel-linux-x86_64-fedora-gcc 0.2.22 249.48 OK
r-devel-windows-x86_64 0.2.22 33.00 210.00 243.00 OK
r-devel-windows-x86_64-gcc10-UCRT 0.2.22 ERROR
r-patched-linux-x86_64 0.2.22 21.96 175.19 197.15 OK
r-patched-solaris-x86 0.2.22 361.90 OK
r-release-linux-x86_64 0.2.22 19.45 176.11 195.56 OK
r-release-macos-arm64 0.2.22 ERROR
r-release-macos-x86_64 0.2.22 ERROR
r-release-windows-ix86+x86_64 0.2.22 51.00 214.00 265.00 OK
r-oldrel-macos-x86_64 0.2.22 OK

Check Details

Version: 0.2.22
Check: package dependencies
Result: ERROR
    Packages required but not available: 'rmapshaper', 'httr'
    
    See section 'The DESCRIPTION file' in the 'Writing R Extensions'
    manual.
Flavor: r-devel-windows-x86_64-gcc10-UCRT

Version: 0.2.22
Check: package dependencies
Result: ERROR
    Package required but not available: ‘udunits2’
    
    See section ‘The DESCRIPTION file’ in the ‘Writing R Extensions’
    manual.
Flavors: r-release-macos-arm64, r-release-macos-x86_64