CRAN Package Check Results for Package SWMPrExtension

Last updated on 2020-02-21 00:49:56 CET.

Flavor Version Tinstall Tcheck Ttotal Status Flags
r-devel-linux-x86_64-debian-clang 1.1.2 20.33 156.72 177.05 OK
r-devel-linux-x86_64-debian-gcc 1.1.2 17.16 118.96 136.12 OK
r-devel-linux-x86_64-fedora-clang 1.1.2 213.54 NOTE
r-devel-linux-x86_64-fedora-gcc 1.1.2 216.82 NOTE
r-devel-windows-ix86+x86_64 1.1.2 49.00 183.00 232.00 OK
r-devel-windows-ix86+x86_64-gcc8 1.1.2 79.00 254.00 333.00 OK
r-patched-linux-x86_64 1.1.2 20.46 139.92 160.38 OK
r-patched-solaris-x86 1.1.2 329.70 NOTE
r-release-linux-x86_64 1.1.2 19.32 139.11 158.43 OK
r-release-windows-ix86+x86_64 1.1.2 43.00 191.00 234.00 OK
r-release-osx-x86_64 1.1.2 NOTE
r-oldrel-windows-ix86+x86_64 1.1.2 35.00 154.00 189.00 OK
r-oldrel-osx-x86_64 1.1.2 NOTE

Check Details

Version: 1.1.2
Check: dependencies in R code
Result: NOTE
    Namespace in Imports field not imported from: ‘rgeos’
     All declared Imports should be used.
Flavors: r-devel-linux-x86_64-fedora-clang, r-devel-linux-x86_64-fedora-gcc, r-patched-solaris-x86, r-release-osx-x86_64, r-oldrel-osx-x86_64