CRAN Package Check Results for Package SWMPrExtension

Last updated on 2021-09-26 01:50:08 CEST.

Flavor Version Tinstall Tcheck Ttotal Status Flags
r-devel-linux-x86_64-debian-clang 1.1.7 22.30 178.33 200.63 OK
r-devel-linux-x86_64-debian-gcc 1.1.7 19.83 136.10 155.93 OK
r-devel-linux-x86_64-fedora-clang 1.1.7 266.74 NOTE
r-devel-linux-x86_64-fedora-gcc 1.1.7 244.71 NOTE
r-devel-windows-x86_64 1.1.7 31.00 193.00 224.00 OK
r-devel-windows-x86_64-gcc10-UCRT 1.1.7 NOTE
r-patched-linux-x86_64 1.1.7 28.05 166.67 194.72 OK
r-patched-solaris-x86 1.1.7 380.30 NOTE
r-release-linux-x86_64 1.1.7 21.63 165.77 187.40 OK
r-release-macos-arm64 1.1.7 NOTE
r-release-macos-x86_64 1.1.7 NOTE
r-release-windows-ix86+x86_64 1.1.7 27.00 6.00 33.00 ERROR
r-oldrel-macos-x86_64 1.1.7 NOTE
r-oldrel-windows-ix86+x86_64 1.1.7 57.00 220.00 277.00 OK

Check Details

Version: 1.1.7
Check: dependencies in R code
Result: NOTE
    Namespace in Imports field not imported from: ‘rgeos’
     All declared Imports should be used.
Flavors: r-devel-linux-x86_64-fedora-clang, r-devel-linux-x86_64-fedora-gcc, r-devel-windows-x86_64-gcc10-UCRT, r-patched-solaris-x86, r-release-macos-arm64, r-release-macos-x86_64, r-oldrel-macos-x86_64

Version: 1.1.7
Check: whether package can be installed
Result: ERROR
    Installation failed.
Flavor: r-release-windows-ix86+x86_64