CRAN Package Check Results for Package SWMPrExtension

Last updated on 2020-10-01 01:48:54 CEST.

Flavor Version Tinstall Tcheck Ttotal Status Flags
r-devel-linux-x86_64-debian-clang 1.1.6 22.44 163.98 186.42 OK
r-devel-linux-x86_64-debian-gcc 1.1.6 21.01 125.95 146.96 OK
r-devel-linux-x86_64-fedora-clang 1.1.6 233.53 NOTE
r-devel-linux-x86_64-fedora-gcc 1.1.6 222.94 NOTE
r-devel-windows-ix86+x86_64 1.1.6 55.00 245.00 300.00 OK
r-patched-linux-x86_64 1.1.6 23.72 150.58 174.30 OK
r-patched-solaris-x86 1.1.6 342.70 NOTE
r-release-linux-x86_64 1.1.6 17.71 151.74 169.45 OK
r-release-macos-x86_64 1.1.6 NOTE
r-release-windows-ix86+x86_64 1.1.6 57.00 233.00 290.00 OK
r-oldrel-macos-x86_64 1.1.6 NOTE
r-oldrel-windows-ix86+x86_64 1.1.6 53.00 228.00 281.00 OK

Check Details

Version: 1.1.6
Check: dependencies in R code
Result: NOTE
    Namespace in Imports field not imported from: ‘rgeos’
     All declared Imports should be used.
Flavors: r-devel-linux-x86_64-fedora-clang, r-devel-linux-x86_64-fedora-gcc, r-patched-solaris-x86, r-release-macos-x86_64, r-oldrel-macos-x86_64