CRAN Package Check Results for Package SWMPrExtension

Last updated on 2021-06-22 01:49:34 CEST.

Flavor Version Tinstall Tcheck Ttotal Status Flags
r-devel-linux-x86_64-debian-clang 1.1.6 21.04 175.29 196.33 OK
r-devel-linux-x86_64-debian-gcc 1.1.6 18.94 135.53 154.47 OK
r-devel-linux-x86_64-fedora-clang 1.1.6 251.36 NOTE
r-devel-linux-x86_64-fedora-gcc 1.1.6 235.38 NOTE
r-devel-windows-x86_64 1.1.6 40.00 248.00 288.00 OK
r-devel-windows-x86_64-gcc10-UCRT 1.1.6 ERROR
r-patched-linux-x86_64 1.1.6 28.18 165.16 193.34 OK
r-patched-solaris-x86 1.1.6 380.60 NOTE
r-release-linux-x86_64 1.1.6 20.00 165.92 185.92 OK
r-release-macos-arm64 1.1.6 NOTE
r-release-macos-x86_64 1.1.6 NOTE
r-release-windows-ix86+x86_64 1.1.6 57.00 255.00 312.00 OK
r-oldrel-macos-x86_64 1.1.6 NOTE

Check Details

Version: 1.1.6
Check: dependencies in R code
Result: NOTE
    Namespace in Imports field not imported from: ‘rgeos’
     All declared Imports should be used.
Flavors: r-devel-linux-x86_64-fedora-clang, r-devel-linux-x86_64-fedora-gcc, r-patched-solaris-x86, r-release-macos-arm64, r-release-macos-x86_64, r-oldrel-macos-x86_64

Version: 1.1.6
Check: package dependencies
Result: ERROR
    Package required but not available: 'SWMPr'
    
    See section 'The DESCRIPTION file' in the 'Writing R Extensions'
    manual.
Flavor: r-devel-windows-x86_64-gcc10-UCRT