Last updated on 2023-06-07 06:57:59 CEST.
Flavor | Version | Tinstall | Tcheck | Ttotal | Status | Flags |
---|---|---|---|---|---|---|
r-devel-linux-x86_64-debian-clang | 0.1 | 9.03 | 72.09 | 81.12 | NOTE | |
r-devel-linux-x86_64-debian-gcc | 0.1 | 6.82 | 54.70 | 61.52 | NOTE | |
r-devel-linux-x86_64-fedora-clang | 0.1 | 98.19 | NOTE | |||
r-devel-linux-x86_64-fedora-gcc | 0.1 | 95.03 | NOTE | |||
r-devel-windows-x86_64 | 0.1 | 7.00 | 69.00 | 76.00 | NOTE | |
r-patched-linux-x86_64 | 0.1 | 7.63 | 67.75 | 75.38 | NOTE | |
r-release-linux-x86_64 | 0.1 | 6.81 | 68.33 | 75.14 | NOTE | |
r-release-macos-arm64 | 0.1 | 33.00 | NOTE | |||
r-release-macos-x86_64 | 0.1 | 51.00 | NOTE | |||
r-release-windows-x86_64 | 0.1 | 11.00 | 78.00 | 89.00 | NOTE | |
r-oldrel-macos-arm64 | 0.1 | 29.00 | NOTE | |||
r-oldrel-macos-x86_64 | 0.1 | 41.00 | NOTE | |||
r-oldrel-windows-x86_64 | 0.1 | 10.00 | 80.00 | 90.00 | NOTE |
Version: 0.1
Check: LazyData
Result: NOTE
'LazyData' is specified without a 'data' directory
Flavors: r-devel-linux-x86_64-debian-clang, r-devel-linux-x86_64-debian-gcc, r-devel-linux-x86_64-fedora-clang, r-devel-linux-x86_64-fedora-gcc, r-devel-windows-x86_64, r-patched-linux-x86_64, r-release-linux-x86_64, r-release-macos-arm64, r-release-macos-x86_64, r-release-windows-x86_64, r-oldrel-macos-arm64, r-oldrel-macos-x86_64, r-oldrel-windows-x86_64