CRAN Package Check Results for Package SegEnvIneq

Last updated on 2023-02-03 00:51:14 CET.

Flavor Version Tinstall Tcheck Ttotal Status Flags
r-devel-linux-x86_64-debian-clang 1.0 3.71 30.90 34.61 NOTE
r-devel-linux-x86_64-debian-gcc 1.0 3.65 23.47 27.12 NOTE
r-devel-linux-x86_64-fedora-clang 1.0 43.24 NOTE
r-devel-linux-x86_64-fedora-gcc 1.0 44.56 NOTE
r-devel-windows-x86_64 1.0 18.00 61.00 79.00 NOTE
r-patched-linux-x86_64 1.0 4.47 29.50 33.97 NOTE
r-release-linux-x86_64 1.0 3.36 31.17 34.53 NOTE
r-release-macos-arm64 1.0 27.00 NOTE
r-release-macos-x86_64 1.0 33.00 NOTE
r-release-windows-x86_64 1.0 15.00 62.00 77.00 NOTE
r-oldrel-macos-arm64 1.0 24.00 NOTE
r-oldrel-macos-x86_64 1.0 36.00 NOTE
r-oldrel-windows-ix86+x86_64 1.0 8.00 56.00 64.00 NOTE

Check Details

Version: 1.0
Check: LazyData
Result: NOTE
     'LazyData' is specified without a 'data' directory
Flavors: r-devel-linux-x86_64-debian-clang, r-devel-linux-x86_64-debian-gcc, r-devel-linux-x86_64-fedora-clang, r-devel-linux-x86_64-fedora-gcc, r-devel-windows-x86_64, r-patched-linux-x86_64, r-release-linux-x86_64, r-release-macos-arm64, r-release-macos-x86_64, r-release-windows-x86_64, r-oldrel-macos-arm64, r-oldrel-macos-x86_64, r-oldrel-windows-ix86+x86_64