CRAN Package Check Results for Package SemNeT

Last updated on 2021-09-25 01:50:32 CEST.

Flavor Version Tinstall Tcheck Ttotal Status Flags
r-devel-linux-x86_64-debian-clang 1.4.3 14.04 97.15 111.19 OK
r-devel-linux-x86_64-debian-gcc 1.4.3 10.20 70.82 81.02 OK
r-devel-linux-x86_64-fedora-clang 1.4.3 138.43 NOTE
r-devel-linux-x86_64-fedora-gcc 1.4.3 124.89 NOTE
r-devel-windows-x86_64 1.4.3 17.00 94.00 111.00 OK
r-devel-windows-x86_64-gcc10-UCRT 1.4.3 NOTE
r-patched-linux-x86_64 1.4.3 15.66 90.91 106.57 OK
r-patched-solaris-x86 1.4.3 173.80 NOTE
r-release-linux-x86_64 1.4.3 10.68 90.37 101.05 OK
r-release-macos-arm64 1.4.3 NOTE
r-release-macos-x86_64 1.4.3 NOTE
r-release-windows-ix86+x86_64 1.4.3 26.00 131.00 157.00 OK
r-oldrel-macos-x86_64 1.4.3 NOTE
r-oldrel-windows-ix86+x86_64 1.4.3 19.00 91.00 110.00 OK

Check Details

Version: 1.4.3
Check: dependencies in R code
Result: NOTE
    Namespaces in Imports field not imported from:
     ‘RColorBrewer’ ‘grid’ ‘purrr’
     All declared Imports should be used.
Flavors: r-devel-linux-x86_64-fedora-clang, r-devel-linux-x86_64-fedora-gcc, r-devel-windows-x86_64-gcc10-UCRT, r-patched-solaris-x86, r-release-macos-arm64, r-release-macos-x86_64, r-oldrel-macos-x86_64

Version: 1.4.3
Check: Rd cross-references
Result: NOTE
    Undeclared packages ‘NetworkToolbox’, ‘SemNetCleaner’ in Rd xrefs
Flavor: r-devel-linux-x86_64-fedora-clang