CRAN Package Check Results for Package SequenceSpikeSlab

Last updated on 2021-04-18 01:49:34 CEST.

Flavor Version Tinstall Tcheck Ttotal Status Flags
r-devel-linux-x86_64-debian-clang 0.1.1 24.12 78.68 102.80 OK
r-devel-linux-x86_64-debian-gcc 0.1.1 18.06 63.11 81.17 OK
r-devel-linux-x86_64-fedora-clang 0.1.1 139.95 NOTE
r-devel-linux-x86_64-fedora-gcc 0.1.1 126.41 NOTE
r-devel-windows-ix86+x86_64 0.1.1 60.00 144.00 204.00 OK
r-devel-windows-x86_64-gcc10-UCRT 0.1.1 NOTE
r-patched-linux-x86_64 0.1.1 20.35 74.80 95.15 OK
r-patched-solaris-x86 0.1.1 167.30 NOTE
r-release-linux-x86_64 0.1.1 22.56 74.65 97.21 OK
r-release-macos-x86_64 0.1.1 NOTE
r-release-windows-ix86+x86_64 0.1.1 69.00 151.00 220.00 OK
r-oldrel-macos-x86_64 0.1.1 NOTE
r-oldrel-windows-ix86+x86_64 0.1.1 40.00 133.00 173.00 OK

Check Details

Version: 0.1.1
Check: dependencies in R code
Result: NOTE
    Namespace in Imports field not imported from: ‘RcppProgress’
     All declared Imports should be used.
Flavors: r-devel-linux-x86_64-fedora-clang, r-devel-linux-x86_64-fedora-gcc, r-devel-windows-x86_64-gcc10-UCRT, r-patched-solaris-x86, r-release-macos-x86_64, r-oldrel-macos-x86_64