CRAN Package Check Results for Package SequentialDesign

Last updated on 2024-06-23 07:58:09 CEST.

Flavor Version Tinstall Tcheck Ttotal Status Flags
r-devel-linux-x86_64-debian-clang 1.0 2.39 24.42 26.81 NOTE
r-devel-linux-x86_64-debian-gcc 1.0 1.91 18.38 20.29 NOTE
r-devel-linux-x86_64-fedora-clang 1.0 33.28 NOTE
r-devel-linux-x86_64-fedora-gcc 1.0 31.17 NOTE
r-devel-windows-x86_64 1.0 3.00 40.00 43.00 NOTE
r-patched-linux-x86_64 1.0 2.04 23.83 25.87 NOTE
r-release-linux-x86_64 1.0 2.46 23.54 26.00 NOTE
r-release-macos-arm64 1.0 17.00 NOTE
r-release-macos-x86_64 1.0 22.00 NOTE
r-release-windows-x86_64 1.0 4.00 41.00 45.00 NOTE
r-oldrel-macos-arm64 1.0 17.00 NOTE
r-oldrel-macos-x86_64 1.0 21.00 NOTE
r-oldrel-windows-x86_64 1.0 4.00 42.00 46.00 NOTE

Check Details

Version: 1.0
Check: LazyData
Result: NOTE 'LazyData' is specified without a 'data' directory Flavors: r-devel-linux-x86_64-debian-clang, r-devel-linux-x86_64-debian-gcc, r-devel-linux-x86_64-fedora-clang, r-devel-linux-x86_64-fedora-gcc, r-devel-windows-x86_64, r-patched-linux-x86_64, r-release-linux-x86_64, r-release-macos-arm64, r-release-macos-x86_64, r-release-windows-x86_64, r-oldrel-macos-arm64, r-oldrel-macos-x86_64, r-oldrel-windows-x86_64