CRAN Package Check Results for Package ShinyTester

Last updated on 2023-01-28 01:50:22 CET.

Flavor Version Tinstall Tcheck Ttotal Status Flags
r-devel-linux-x86_64-debian-clang 0.1.0 5.33 50.26 55.59 NOTE
r-devel-linux-x86_64-debian-gcc 0.1.0 4.96 37.62 42.58 NOTE
r-devel-linux-x86_64-fedora-clang 0.1.0 72.76 NOTE
r-devel-linux-x86_64-fedora-gcc 0.1.0 66.98 NOTE
r-devel-windows-x86_64 0.1.0 14.00 73.00 87.00 NOTE
r-patched-linux-x86_64 0.1.0 3.62 50.47 54.09 NOTE
r-release-linux-x86_64 0.1.0 4.64 50.41 55.05 NOTE
r-release-macos-arm64 0.1.0 22.00 NOTE
r-release-macos-x86_64 0.1.0 44.00 NOTE
r-release-windows-x86_64 0.1.0 14.00 79.00 93.00 NOTE
r-oldrel-macos-arm64 0.1.0 27.00 NOTE
r-oldrel-macos-x86_64 0.1.0 41.00 NOTE
r-oldrel-windows-ix86+x86_64 0.1.0 15.00 77.00 92.00 NOTE

Check Details

Version: 0.1.0
Check: LazyData
Result: NOTE
     'LazyData' is specified without a 'data' directory
Flavors: r-devel-linux-x86_64-debian-clang, r-devel-linux-x86_64-debian-gcc, r-devel-linux-x86_64-fedora-clang, r-devel-linux-x86_64-fedora-gcc, r-devel-windows-x86_64, r-patched-linux-x86_64, r-release-linux-x86_64, r-release-macos-arm64, r-release-macos-x86_64, r-release-windows-x86_64, r-oldrel-macos-arm64, r-oldrel-macos-x86_64, r-oldrel-windows-ix86+x86_64