CRAN Package Check Results for Package SimCorMultRes

Last updated on 2021-06-24 01:50:36 CEST.

Flavor Version Tinstall Tcheck Ttotal Status Flags
r-devel-linux-x86_64-debian-clang 1.8.0 2.49 59.15 61.64 OK
r-devel-linux-x86_64-debian-gcc 1.8.0 1.94 40.62 42.56 OK
r-devel-linux-x86_64-fedora-clang 1.8.0 78.35 OK
r-devel-linux-x86_64-fedora-gcc 1.8.0 68.59 OK
r-devel-windows-x86_64 1.8.0 5.00 73.00 78.00 OK
r-devel-windows-x86_64-gcc10-UCRT 1.8.0 NOTE
r-patched-linux-x86_64 1.8.0 2.66 53.55 56.21 OK
r-patched-solaris-x86 1.8.0 93.80 OK
r-release-linux-x86_64 1.8.0 2.46 53.08 55.54 OK
r-release-macos-arm64 1.8.0 OK
r-release-macos-x86_64 1.8.0 OK
r-release-windows-ix86+x86_64 1.8.0 6.00 57.00 63.00 OK
r-oldrel-macos-x86_64 1.8.0 OK

Check Details

Version: 1.8.0
Check: package dependencies
Result: NOTE
    Package suggested but not available for checking: 'covr'
Flavor: r-devel-windows-x86_64-gcc10-UCRT