CRAN Package Check Results for Package SimEUCartelLaw

Last updated on 2020-09-19 00:50:17 CEST.

Flavor Version Tinstall Tcheck Ttotal Status Flags
r-devel-linux-x86_64-debian-clang 1.0.1 5.41 52.07 57.48 OK
r-devel-linux-x86_64-debian-gcc 1.0.1 4.18 40.74 44.92 OK
r-devel-linux-x86_64-fedora-clang 1.0.1 83.61 OK
r-devel-linux-x86_64-fedora-gcc 1.0.1 73.54 OK
r-devel-windows-ix86+x86_64 1.0.1 14.00 83.00 97.00 OK
r-patched-linux-x86_64 1.0.1 4.77 53.70 58.47 OK
r-patched-solaris-x86 1.0.1 118.70 OK
r-release-linux-x86_64 1.0.1 5.62 53.75 59.37 OK
r-release-macos-x86_64 1.0.1 OK
r-release-windows-ix86+x86_64 1.0.1 15.00 82.00 97.00 OK
r-oldrel-macos-x86_64 1.0.1 WARN
r-oldrel-windows-ix86+x86_64 1.0.1 17.00 79.00 96.00 OK

Check Details

Version: 1.0.1
Check: whether package can be installed
Result: WARN
    Found the following significant warnings:
     Warning: 'rgl_init' failed, running with rgl.useNULL = TRUE
Flavor: r-oldrel-macos-x86_64