CRAN Package Check Results for Package SimEUCartelLaw

Last updated on 2020-07-14 02:07:11 CEST.

Flavor Version Tinstall Tcheck Ttotal Status Flags
r-devel-linux-x86_64-debian-clang 1.0.1 4.64 38.35 42.99 OK
r-devel-linux-x86_64-debian-gcc 1.0.1 3.88 30.53 34.41 OK
r-devel-linux-x86_64-fedora-clang 1.0.1 60.64 OK
r-devel-linux-x86_64-fedora-gcc 1.0.1 52.23 OK
r-devel-windows-ix86+x86_64 1.0.1 17.00 104.00 121.00 OK
r-patched-linux-x86_64 1.0.1 4.60 38.02 42.62 OK
r-patched-solaris-x86 1.0.1 77.70 OK
r-release-linux-x86_64 1.0.1 4.95 37.55 42.50 OK
r-release-macos-x86_64 1.0.1 ERROR
r-release-windows-ix86+x86_64 1.0.1 24.00 94.00 118.00 OK
r-oldrel-macos-x86_64 1.0.1 WARN
r-oldrel-windows-ix86+x86_64 1.0.1 17.00 84.00 101.00 OK

Check Details

Version: 1.0.1
Check: whether package can be installed
Result: ERROR
    Installation failed.
Flavor: r-release-macos-x86_64

Version: 1.0.1
Check: whether package can be installed
Result: WARN
    Found the following significant warnings:
     Warning: 'rgl_init' failed, running with rgl.useNULL = TRUE
Flavor: r-oldrel-macos-x86_64