Last updated on 2023-02-07 00:54:30 CET.
Flavor | Version | Tinstall | Tcheck | Ttotal | Status | Flags |
---|---|---|---|---|---|---|
r-devel-linux-x86_64-debian-clang | 0.3.9 | 92.68 | 41.35 | 134.03 | NOTE | |
r-devel-linux-x86_64-debian-gcc | 0.3.9 | 64.85 | 33.00 | 97.85 | NOTE | |
r-devel-linux-x86_64-fedora-clang | 0.3.9 | 185.58 | NOTE | |||
r-devel-linux-x86_64-fedora-gcc | 0.3.9 | 181.37 | NOTE | |||
r-devel-windows-x86_64 | 0.3.9 | 76.00 | 96.00 | 172.00 | NOTE | |
r-patched-linux-x86_64 | 0.3.9 | 69.93 | 40.30 | 110.23 | NOTE | |
r-release-linux-x86_64 | 0.3.9 | 73.40 | 42.51 | 115.91 | NOTE | |
r-release-macos-arm64 | 0.3.9 | 50.00 | NOTE | |||
r-release-macos-x86_64 | 0.3.9 | 66.00 | NOTE | |||
r-release-windows-x86_64 | 0.3.9 | 73.00 | 98.00 | 171.00 | NOTE | |
r-oldrel-macos-arm64 | 0.3.9 | 50.00 | NOTE | |||
r-oldrel-macos-x86_64 | 0.3.9 | 67.00 | NOTE | |||
r-oldrel-windows-ix86+x86_64 | 0.3.9 | 187.00 | 107.00 | 294.00 | NOTE |
Version: 0.3.9
Check: C++ specification
Result: NOTE
Specified C++11: please update to current default of C++17
Flavors: r-devel-linux-x86_64-debian-clang, r-devel-linux-x86_64-debian-gcc, r-devel-linux-x86_64-fedora-clang, r-devel-linux-x86_64-fedora-gcc, r-devel-windows-x86_64
Version: 0.3.9
Check: for GNU extensions in Makefiles
Result: NOTE
GNU make is a SystemRequirements.
Flavors: r-devel-linux-x86_64-debian-clang, r-devel-linux-x86_64-debian-gcc, r-devel-linux-x86_64-fedora-clang, r-devel-linux-x86_64-fedora-gcc, r-devel-windows-x86_64, r-patched-linux-x86_64, r-release-linux-x86_64, r-release-macos-arm64, r-release-macos-x86_64, r-release-windows-x86_64, r-oldrel-macos-arm64, r-oldrel-macos-x86_64, r-oldrel-windows-ix86+x86_64
Version: 0.3.9
Check: installed package size
Result: NOTE
installed size is 5.7Mb
sub-directories of 1Mb or more:
libs 5.3Mb
Flavors: r-release-macos-arm64, r-release-macos-x86_64, r-oldrel-macos-arm64, r-oldrel-macos-x86_64