CRAN Package Check Results for Package SimMultiCorrData

Last updated on 2024-02-20 08:01:12 CET.

Flavor Version Tinstall Tcheck Ttotal Status Flags
r-devel-linux-x86_64-debian-clang 0.2.2 OK
r-devel-linux-x86_64-debian-gcc 0.2.2 24.64 339.71 364.35 OK
r-devel-linux-x86_64-fedora-clang 0.2.2 577.47 NOTE
r-devel-linux-x86_64-fedora-gcc 0.2.2 584.31 OK
r-devel-windows-x86_64 0.2.2 27.00 321.00 348.00 OK
r-patched-linux-x86_64 0.2.2 34.07 449.18 483.25 OK
r-release-linux-x86_64 0.2.2 31.25 438.42 469.67 OK
r-release-macos-arm64 0.2.2 190.00 OK
r-release-macos-x86_64 0.2.2 288.00 OK
r-release-windows-x86_64 0.2.2 38.00 439.00 477.00 OK
r-oldrel-macos-arm64 0.2.2 143.00 OK
r-oldrel-windows-x86_64 0.2.2 37.00 402.00 439.00 OK

Check Details

Version: 0.2.2
Check: Rd cross-references
Result: NOTE Undeclared packages ‘BinNonNor’, ‘PoisNor’, ‘PoisBinOrdNor’, ‘PoisBinOrdNonNor’ in Rd xrefs Flavor: r-devel-linux-x86_64-fedora-clang