CRAN Package Check Results for Package SimSurvey

Last updated on 2021-03-07 00:49:03 CET.

Flavor Version Tinstall Tcheck Ttotal Status Flags
r-devel-linux-x86_64-debian-clang 0.1.3 14.01 146.91 160.92 NOTE
r-devel-linux-x86_64-debian-gcc 0.1.3 11.65 108.59 120.24 NOTE
r-devel-linux-x86_64-fedora-clang 0.1.3 204.45 NOTE
r-devel-linux-x86_64-fedora-gcc 0.1.3 181.78 NOTE
r-devel-windows-ix86+x86_64 0.1.3 32.00 167.00 199.00 OK
r-patched-linux-x86_64 0.1.3 14.15 141.83 155.98 NOTE
r-patched-solaris-x86 0.1.3 261.00 NOTE
r-release-linux-x86_64 0.1.3 14.63 141.01 155.64 NOTE
r-release-macos-x86_64 0.1.3 NOTE
r-release-windows-ix86+x86_64 0.1.3 23.00 133.00 156.00 OK
r-oldrel-macos-x86_64 0.1.3 NOTE
r-oldrel-windows-ix86+x86_64 0.1.3 22.00 119.00 141.00 NOTE

Check Details

Version: 0.1.3
Check: package dependencies
Result: NOTE
    Package suggested but not available for checking: 'INLA'
Flavors: r-devel-linux-x86_64-debian-clang, r-devel-linux-x86_64-debian-gcc, r-patched-linux-x86_64, r-patched-solaris-x86, r-release-linux-x86_64, r-release-macos-x86_64, r-oldrel-macos-x86_64

Version: 0.1.3
Check: dependencies in R code
Result: NOTE
    Namespaces in Imports field not imported from:
     ‘rgeos’ ‘sp’
     All declared Imports should be used.
Flavors: r-devel-linux-x86_64-fedora-clang, r-devel-linux-x86_64-fedora-gcc, r-patched-solaris-x86, r-release-macos-x86_64, r-oldrel-macos-x86_64

Version: 0.1.3
Check: dependencies in R code
Result: NOTE
    Missing or unexported objects:
     'INLA::inla.barrier.pcmatern' 'INLA::inla.rgeneric.q'
Flavor: r-oldrel-windows-ix86+x86_64