CRAN Package Check Results for Package SimilaR

Last updated on 2020-09-20 01:50:20 CEST.

Flavor Version Tinstall Tcheck Ttotal Status Flags
r-devel-linux-x86_64-debian-clang 1.0.8 103.11 30.67 133.78 OK
r-devel-linux-x86_64-debian-gcc 1.0.8 82.68 24.23 106.91 OK
r-devel-linux-x86_64-fedora-clang 1.0.8 206.02 NOTE
r-devel-linux-x86_64-fedora-gcc 1.0.8 187.30 OK
r-devel-windows-ix86+x86_64 1.0.8 245.00 68.00 313.00 OK
r-patched-linux-x86_64 1.0.8 82.72 30.59 113.31 OK
r-patched-solaris-x86 1.0.8 185.30 OK
r-release-linux-x86_64 1.0.8 84.99 30.63 115.62 OK
r-release-macos-x86_64 1.0.8 NOTE
r-release-windows-ix86+x86_64 1.0.8 243.00 73.00 316.00 OK
r-oldrel-macos-x86_64 1.0.8 NOTE
r-oldrel-windows-ix86+x86_64 1.0.8 184.00 75.00 259.00 OK

Check Details

Version: 1.0.8
Check: installed package size
Result: NOTE
     installed size is 6.8Mb
     sub-directories of 1Mb or more:
     libs 6.6Mb
Flavors: r-devel-linux-x86_64-fedora-clang, r-release-macos-x86_64, r-oldrel-macos-x86_64