CRAN Package Check Results for Package Sleuth3

Last updated on 2021-06-25 02:52:11 CEST.

Flavor Version Tinstall Tcheck Ttotal Status Flags
r-devel-linux-x86_64-debian-clang 1.0-3 5.64 287.57 293.21 OK
r-devel-linux-x86_64-debian-gcc 1.0-3 4.51 213.62 218.13 OK
r-devel-linux-x86_64-fedora-clang 1.0-3 356.39 NOTE
r-devel-linux-x86_64-fedora-gcc 1.0-3 338.12 OK
r-devel-windows-x86_64 1.0-3 10.00 320.00 330.00 NOTE
r-devel-windows-x86_64-gcc10-UCRT 1.0-3 OK
r-patched-linux-x86_64 1.0-3 7.44 272.41 279.85 OK
r-patched-solaris-x86 1.0-3 406.60 NOTE
r-release-linux-x86_64 1.0-3 4.15 270.75 274.90 OK
r-release-macos-arm64 1.0-3 NOTE
r-release-macos-x86_64 1.0-3 NOTE
r-release-windows-ix86+x86_64 1.0-3 11.00 431.00 442.00 NOTE
r-oldrel-macos-x86_64 1.0-3 NOTE
r-oldrel-windows-ix86+x86_64 1.0-3 11.00 360.00 371.00 NOTE

Check Details

Version: 1.0-3
Check: installed package size
Result: NOTE
     installed size is 5.1Mb
     sub-directories of 1Mb or more:
     doc 3.7Mb
Flavors: r-devel-linux-x86_64-fedora-clang, r-devel-windows-x86_64, r-patched-solaris-x86, r-release-macos-arm64, r-release-macos-x86_64, r-release-windows-ix86+x86_64, r-oldrel-macos-x86_64, r-oldrel-windows-ix86+x86_64