Last updated on 2023-02-06 00:52:43 CET.
Flavor | Version | Tinstall | Tcheck | Ttotal | Status | Flags |
---|---|---|---|---|---|---|
r-devel-linux-x86_64-debian-clang | 1.0.3 | 5.79 | 42.90 | 48.69 | NOTE | |
r-devel-linux-x86_64-debian-gcc | 1.0.3 | 4.80 | 33.31 | 38.11 | NOTE | |
r-devel-linux-x86_64-fedora-clang | 1.0.3 | 60.84 | NOTE | |||
r-devel-linux-x86_64-fedora-gcc | 1.0.3 | 59.55 | NOTE | |||
r-devel-windows-x86_64 | 1.0.3 | 93.00 | 76.00 | 169.00 | NOTE | |
r-patched-linux-x86_64 | 1.0.3 | 7.35 | 40.58 | 47.93 | NOTE | |
r-release-linux-x86_64 | 1.0.3 | 6.52 | 40.58 | 47.10 | NOTE | |
r-release-macos-arm64 | 1.0.3 | 19.00 | NOTE | |||
r-release-macos-x86_64 | 1.0.3 | 30.00 | NOTE | |||
r-release-windows-x86_64 | 1.0.3 | 59.00 | 77.00 | 136.00 | NOTE | |
r-oldrel-macos-arm64 | 1.0.3 | 23.00 | NOTE | |||
r-oldrel-macos-x86_64 | 1.0.3 | 40.00 | NOTE | |||
r-oldrel-windows-ix86+x86_64 | 1.0.3 | 12.00 | 72.00 | 84.00 | NOTE |
Version: 1.0.3
Check: LazyData
Result: NOTE
'LazyData' is specified without a 'data' directory
Flavors: r-devel-linux-x86_64-debian-clang, r-devel-linux-x86_64-debian-gcc, r-devel-linux-x86_64-fedora-clang, r-devel-linux-x86_64-fedora-gcc, r-devel-windows-x86_64, r-patched-linux-x86_64, r-release-linux-x86_64, r-release-macos-arm64, r-release-macos-x86_64, r-release-windows-x86_64, r-oldrel-macos-arm64, r-oldrel-macos-x86_64, r-oldrel-windows-ix86+x86_64