CRAN Package Check Results for Package SmartSVA

Last updated on 2019-12-15 01:50:39 CET.

Flavor Version Tinstall Tcheck Ttotal Status Flags
r-devel-linux-x86_64-debian-clang 0.1.3 42.63 188.21 230.84 OK
r-devel-linux-x86_64-debian-gcc 0.1.3 32.71 145.62 178.33 OK
r-devel-linux-x86_64-fedora-clang 0.1.3 293.09 OK
r-devel-linux-x86_64-fedora-gcc 0.1.3 269.30 OK
r-devel-windows-ix86+x86_64 0.1.3 77.00 345.00 422.00 OK
r-devel-windows-ix86+x86_64-gcc8 0.1.3 89.00 350.00 439.00 OK
r-patched-linux-x86_64 0.1.3 34.39 157.18 191.57 OK
r-patched-solaris-x86 0.1.3 343.60 OK
r-release-linux-x86_64 0.1.3 36.66 160.67 197.33 OK
r-release-windows-ix86+x86_64 0.1.3 68.00 220.00 288.00 OK
r-release-osx-x86_64 0.1.3 WARN
r-oldrel-windows-ix86+x86_64 0.1.3 54.00 220.00 274.00 OK
r-oldrel-osx-x86_64 0.1.3 OK

Check Details

Version: 0.1.3
Check: whether package can be installed
Result: WARN
    Found the following significant warnings:
     Warning: package ‘BiocParallel’ was built under R version 3.6.1
Flavor: r-release-osx-x86_64