CRAN Package Check Results for Package SmartSVA

Last updated on 2020-07-15 01:48:46 CEST.

Flavor Version Tinstall Tcheck Ttotal Status Flags
r-devel-linux-x86_64-debian-clang 0.1.3 43.96 195.70 239.66 OK
r-devel-linux-x86_64-debian-gcc 0.1.3 36.79 146.40 183.19 OK
r-devel-linux-x86_64-fedora-clang 0.1.3 311.32 OK
r-devel-linux-x86_64-fedora-gcc 0.1.3 311.53 OK
r-devel-windows-ix86+x86_64 0.1.3 125.00 343.00 468.00 OK
r-patched-linux-x86_64 0.1.3 38.89 187.35 226.24 OK
r-patched-solaris-x86 0.1.3 413.20 OK
r-release-linux-x86_64 0.1.3 39.83 188.47 228.30 OK
r-release-macos-x86_64 0.1.3 ERROR
r-release-windows-ix86+x86_64 0.1.3 122.00 258.00 380.00 OK
r-oldrel-macos-x86_64 0.1.3 WARN
r-oldrel-windows-ix86+x86_64 0.1.3 102.00 321.00 423.00 OK

Check Details

Version: 0.1.3
Check: whether package can be installed
Result: ERROR
    Installation failed.
Flavor: r-release-macos-x86_64

Version: 0.1.3
Check: whether package can be installed
Result: WARN
    Found the following significant warnings:
     Warning: package ‘BiocParallel’ was built under R version 3.6.1
Flavor: r-oldrel-macos-x86_64