CRAN Package Check Results for Package SoupX

Last updated on 2024-03-04 07:48:42 CET.

Flavor Version Tinstall Tcheck Ttotal Status Flags
r-devel-linux-x86_64-debian-clang 1.6.2 73.69 336.36 410.05 OK
r-devel-linux-x86_64-debian-gcc 1.6.2 68.32 254.58 322.90 OK
r-devel-linux-x86_64-fedora-clang 1.6.2 530.57 NOTE
r-devel-linux-x86_64-fedora-gcc 1.6.2 525.45 OK
r-devel-windows-x86_64 1.6.2 68.00 244.00 312.00 NOTE
r-patched-linux-x86_64 1.6.2 79.65 329.48 409.13 OK
r-release-linux-x86_64 1.6.2 62.64 322.79 385.43 OK
r-release-macos-arm64 1.6.2 161.00 NOTE
r-release-macos-x86_64 1.6.2 253.00 NOTE
r-release-windows-x86_64 1.6.2 96.00 335.00 431.00 NOTE
r-oldrel-macos-arm64 1.6.2 193.00 NOTE
r-oldrel-windows-x86_64 1.6.2 96.00 335.00 431.00 NOTE

Check Details

Version: 1.6.2
Check: installed package size
Result: NOTE installed size is 5.8Mb sub-directories of 1Mb or more: data 3.9Mb doc 1.0Mb Flavors: r-devel-linux-x86_64-fedora-clang, r-devel-windows-x86_64, r-release-macos-arm64, r-release-macos-x86_64, r-release-windows-x86_64, r-oldrel-macos-arm64, r-oldrel-windows-x86_64

Version: 1.6.2
Check: package dependencies
Result: NOTE Package suggested but not available for checking: ‘DropletUtils’ Flavors: r-release-macos-arm64, r-release-macos-x86_64, r-oldrel-macos-arm64