CRAN Package Check Results for Package SpaDES.addins

Last updated on 2020-07-08 01:49:41 CEST.

Flavor Version Tinstall Tcheck Ttotal Status Flags
r-devel-linux-x86_64-debian-clang 0.1.2 21.68 149.71 171.39 OK
r-devel-linux-x86_64-debian-gcc 0.1.2 14.00 114.97 128.97 OK
r-devel-linux-x86_64-fedora-clang 0.1.2 215.87 NOTE
r-devel-linux-x86_64-fedora-gcc 0.1.2 204.50 NOTE
r-devel-windows-ix86+x86_64 0.1.2 35.00 170.00 205.00 OK
r-patched-linux-x86_64 0.1.2 14.74 146.05 160.79 OK
r-patched-solaris-x86 0.1.2 310.10 NOTE
r-release-linux-x86_64 0.1.2 15.18 145.07 160.25 OK
r-release-osx-x86_64 0.1.2 WARN
r-release-windows-ix86+x86_64 0.1.2 43.00 136.00 179.00 OK
r-oldrel-osx-x86_64 0.1.2 NOTE
r-oldrel-windows-ix86+x86_64 0.1.2 62.00 195.00 257.00 OK

Check Details

Version: 0.1.2
Check: dependencies in R code
Result: NOTE
    Namespaces in Imports field not imported from:
     ‘devtools’ ‘rstudioapi’
     All declared Imports should be used.
Flavors: r-devel-linux-x86_64-fedora-clang, r-devel-linux-x86_64-fedora-gcc, r-patched-solaris-x86, r-release-osx-x86_64, r-oldrel-osx-x86_64

Version: 0.1.2
Check: re-building of vignette outputs
Result: WARN
    Error(s) in re-building vignettes:
     ...
    --- re-building ‘i-rstudio-addins.Rmd’ using rmarkdown
    dyld: lazy symbol binding failed: Symbol not found: ____chkstk_darwin
     Referenced from: /usr/local/bin/pandoc (which was built for Mac OS X 10.15)
     Expected in: /usr/lib/libSystem.B.dylib
    
    dyld: Symbol not found: ____chkstk_darwin
     Referenced from: /usr/local/bin/pandoc (which was built for Mac OS X 10.15)
     Expected in: /usr/lib/libSystem.B.dylib
    
    Error: processing vignette 'i-rstudio-addins.Rmd' failed with diagnostics:
    pandoc document conversion failed with error 6
    --- failed re-building ‘i-rstudio-addins.Rmd’
    
    SUMMARY: processing the following file failed:
     ‘i-rstudio-addins.Rmd’
    
    Error: Vignette re-building failed.
    Execution halted
Flavor: r-release-osx-x86_64