CRAN Package Check Results for Package SpaDES

Last updated on 2020-02-20 00:54:28 CET.

Flavor Version Tinstall Tcheck Ttotal Status Flags
r-devel-linux-x86_64-debian-clang 2.0.4 19.50 156.60 176.10 OK
r-devel-linux-x86_64-debian-gcc 2.0.4 16.21 121.12 137.33 OK
r-devel-linux-x86_64-fedora-clang 2.0.4 216.22 OK
r-devel-linux-x86_64-fedora-gcc 2.0.4 212.94 OK
r-devel-windows-ix86+x86_64 2.0.4 49.00 154.00 203.00 OK
r-devel-windows-ix86+x86_64-gcc8 2.0.4 89.00 229.00 318.00 OK
r-patched-linux-x86_64 2.0.4 17.44 135.51 152.95 OK
r-patched-solaris-x86 2.0.4 311.70 OK
r-release-linux-x86_64 2.0.4 17.41 136.36 153.77 OK
r-release-windows-ix86+x86_64 2.0.4 45.00 137.00 182.00 OK
r-release-osx-x86_64 2.0.4 WARN
r-oldrel-windows-ix86+x86_64 2.0.4 25.00 136.00 161.00 OK
r-oldrel-osx-x86_64 2.0.4 WARN

Check Details

Version: 2.0.4
Check: dependencies in R code
Result: NOTE
    No protocol specified
    No protocol specified
Flavors: r-release-osx-x86_64, r-oldrel-osx-x86_64

Version: 2.0.4
Check: S3 generic/method consistency
Result: WARN
    No protocol specified
    No protocol specified
    See section ‘Generic functions and methods’ in the ‘Writing R
    Extensions’ manual.
Flavors: r-release-osx-x86_64, r-oldrel-osx-x86_64

Version: 2.0.4
Check: replacement functions
Result: WARN
    No protocol specified
    No protocol specified
    The argument of a replacement function which corresponds to the right
    hand side must be named ‘value’.
Flavors: r-release-osx-x86_64, r-oldrel-osx-x86_64

Version: 2.0.4
Check: foreign function calls
Result: NOTE
    No protocol specified
    No protocol specified
    See chapter ‘System and foreign language interfaces’ in the ‘Writing R
    Extensions’ manual.
Flavors: r-release-osx-x86_64, r-oldrel-osx-x86_64

Version: 2.0.4
Check: R code for possible problems
Result: NOTE
    No protocol specified
    No protocol specified
Flavors: r-release-osx-x86_64, r-oldrel-osx-x86_64

Version: 2.0.4
Check: for missing documentation entries
Result: WARN
    No protocol specified
    No protocol specified
    All user-level objects in a package should have documentation entries.
    See chapter ‘Writing R documentation files’ in the ‘Writing R
    Extensions’ manual.
Flavors: r-release-osx-x86_64, r-oldrel-osx-x86_64

Version: 2.0.4
Check: for code/documentation mismatches
Result: WARN
    No protocol specified
    No protocol specified
    No protocol specified
    No protocol specified
    No protocol specified
    No protocol specified
Flavors: r-release-osx-x86_64, r-oldrel-osx-x86_64

Version: 2.0.4
Check: Rd \usage sections
Result: NOTE
    No protocol specified
    No protocol specified
    The \usage entries for S3 methods should use the \method markup and not
    their full name.
    See chapter ‘Writing R documentation files’ in the ‘Writing R
    Extensions’ manual.
Flavors: r-release-osx-x86_64, r-oldrel-osx-x86_64