CRAN Package Check Results for Package SpaDES

Last updated on 2020-09-29 01:48:40 CEST.

Flavor Version Tinstall Tcheck Ttotal Status Flags
r-devel-linux-x86_64-debian-clang 2.0.4 19.91 149.25 169.16 OK
r-devel-linux-x86_64-debian-gcc 2.0.4 16.79 113.52 130.31 OK
r-devel-linux-x86_64-fedora-clang 2.0.4 216.51 OK
r-devel-linux-x86_64-fedora-gcc 2.0.4 203.26 OK
r-devel-windows-ix86+x86_64 2.0.4 49.00 167.00 216.00 OK
r-patched-linux-x86_64 2.0.4 15.46 137.67 153.13 OK
r-patched-solaris-x86 2.0.4 303.20 OK
r-release-linux-x86_64 2.0.4 16.12 139.46 155.58 OK
r-release-macos-x86_64 2.0.4 OK
r-release-windows-ix86+x86_64 2.0.4 49.00 174.00 223.00 OK
r-oldrel-macos-x86_64 2.0.4 WARN
r-oldrel-windows-ix86+x86_64 2.0.4 40.00 160.00 200.00 OK

Check Details

Version: 2.0.4
Check: dependencies in R code
Result: NOTE
    No protocol specified
    No protocol specified
Flavor: r-oldrel-macos-x86_64

Version: 2.0.4
Check: S3 generic/method consistency
Result: WARN
    No protocol specified
    No protocol specified
    See section ‘Generic functions and methods’ in the ‘Writing R
    Extensions’ manual.
Flavor: r-oldrel-macos-x86_64

Version: 2.0.4
Check: replacement functions
Result: WARN
    No protocol specified
    No protocol specified
    The argument of a replacement function which corresponds to the right
    hand side must be named ‘value’.
Flavor: r-oldrel-macos-x86_64

Version: 2.0.4
Check: foreign function calls
Result: NOTE
    No protocol specified
    No protocol specified
    See chapter ‘System and foreign language interfaces’ in the ‘Writing R
    Extensions’ manual.
Flavor: r-oldrel-macos-x86_64

Version: 2.0.4
Check: R code for possible problems
Result: NOTE
    No protocol specified
    No protocol specified
Flavor: r-oldrel-macos-x86_64

Version: 2.0.4
Check: for missing documentation entries
Result: WARN
    No protocol specified
    No protocol specified
    All user-level objects in a package should have documentation entries.
    See chapter ‘Writing R documentation files’ in the ‘Writing R
    Extensions’ manual.
Flavor: r-oldrel-macos-x86_64

Version: 2.0.4
Check: for code/documentation mismatches
Result: WARN
    No protocol specified
    No protocol specified
    No protocol specified
    No protocol specified
    No protocol specified
    No protocol specified
Flavor: r-oldrel-macos-x86_64

Version: 2.0.4
Check: Rd \usage sections
Result: NOTE
    No protocol specified
    No protocol specified
    The \usage entries for S3 methods should use the \method markup and not
    their full name.
    See chapter ‘Writing R documentation files’ in the ‘Writing R
    Extensions’ manual.
Flavor: r-oldrel-macos-x86_64