CRAN Package Check Results for Package SpaDES.tools

Last updated on 2020-02-28 00:48:09 CET.

Flavor Version Tinstall Tcheck Ttotal Status Flags
r-devel-linux-x86_64-debian-clang 0.3.4 52.41 366.45 418.86 OK
r-devel-linux-x86_64-debian-gcc 0.3.4 35.49 463.91 499.40 OK
r-devel-linux-x86_64-fedora-clang 0.3.4 456.01 WARN
r-devel-linux-x86_64-fedora-gcc 0.3.4 671.90 OK
r-devel-windows-ix86+x86_64 0.3.4 102.00 369.00 471.00 OK
r-devel-windows-ix86+x86_64-gcc8 0.3.4 105.00 366.00 471.00 OK
r-patched-linux-x86_64 0.3.4 39.86 350.68 390.54 OK
r-patched-solaris-x86 0.3.4 415.80 OK
r-release-linux-x86_64 0.3.4 42.43 353.18 395.61 OK
r-release-windows-ix86+x86_64 0.3.4 92.00 302.00 394.00 OK
r-release-osx-x86_64 0.3.4 OK
r-oldrel-windows-ix86+x86_64 0.3.4 72.00 313.00 385.00 OK
r-oldrel-osx-x86_64 0.3.4 OK

Check Details

Version: 0.3.4
Check: package dependencies
Result: WARN
    Requires orphaned package: ‘bit’
Flavor: r-devel-linux-x86_64-fedora-clang