CRAN Package Check Results for Package SparseFactorAnalysis

Last updated on 2019-12-06 00:50:13 CET.

Flavor Version Tinstall Tcheck Ttotal Status Flags
r-devel-linux-x86_64-debian-clang 1.0 62.61 55.53 118.14 OK
r-devel-linux-x86_64-debian-gcc 1.0 48.10 42.64 90.74 OK
r-devel-linux-x86_64-fedora-clang 1.0 148.88 NOTE
r-devel-linux-x86_64-fedora-gcc 1.0 145.40 NOTE
r-devel-windows-ix86+x86_64 1.0 116.00 127.00 243.00 OK
r-devel-windows-ix86+x86_64-gcc8 1.0 130.00 101.00 231.00 OK
r-patched-linux-x86_64 1.0 50.79 48.17 98.96 OK
r-patched-solaris-x86 1.0 161.60 OK
r-release-linux-x86_64 1.0 51.28 47.84 99.12 OK
r-release-windows-ix86+x86_64 1.0 105.00 84.00 189.00 OK
r-release-osx-x86_64 1.0 OK
r-oldrel-windows-ix86+x86_64 1.0 93.00 92.00 185.00 OK
r-oldrel-osx-x86_64 1.0 OK

Check Details

Version: 1.0
Check: compiled code
Result: NOTE
    File ‘SparseFactorAnalysis/libs/SparseFactorAnalysis.so’:
     Found no calls to: ‘R_registerRoutines’, ‘R_useDynamicSymbols’
    
    It is good practice to register native routines and to disable symbol
    search.
    
    See ‘Writing portable packages’ in the ‘Writing R Extensions’ manual.
Flavors: r-devel-linux-x86_64-fedora-clang, r-devel-linux-x86_64-fedora-gcc