CRAN Package Check Results for Package SparseFactorAnalysis

Last updated on 2020-07-09 01:57:51 CEST.

Flavor Version Tinstall Tcheck Ttotal Status Flags
r-devel-linux-x86_64-debian-clang 1.0 66.40 58.91 125.31 OK
r-devel-linux-x86_64-debian-gcc 1.0 47.70 44.93 92.63 OK
r-devel-linux-x86_64-fedora-clang 1.0 172.78 NOTE
r-devel-linux-x86_64-fedora-gcc 1.0 155.92 NOTE
r-devel-windows-ix86+x86_64 1.0 134.00 113.00 247.00 OK
r-patched-linux-x86_64 1.0 50.82 57.23 108.05 OK
r-patched-solaris-x86 1.0 166.40 OK
r-release-linux-x86_64 1.0 51.88 57.26 109.14 OK
r-release-osx-x86_64 1.0 OK
r-release-windows-ix86+x86_64 1.0 131.00 98.00 229.00 OK
r-oldrel-osx-x86_64 1.0 OK
r-oldrel-windows-ix86+x86_64 1.0 147.00 121.00 268.00 OK

Check Details

Version: 1.0
Check: compiled code
Result: NOTE
    File ‘SparseFactorAnalysis/libs/SparseFactorAnalysis.so’:
     Found no calls to: ‘R_registerRoutines’, ‘R_useDynamicSymbols’
    
    It is good practice to register native routines and to disable symbol
    search.
    
    See ‘Writing portable packages’ in the ‘Writing R Extensions’ manual.
Flavors: r-devel-linux-x86_64-fedora-clang, r-devel-linux-x86_64-fedora-gcc