CRAN Package Check Results for Package SpatMCA

Last updated on 2020-07-15 01:48:47 CEST.

Flavor Version Tinstall Tcheck Ttotal Status Flags
r-devel-linux-x86_64-debian-clang 1.0.1.0 55.98 45.82 101.80 NOTE
r-devel-linux-x86_64-debian-gcc 1.0.1.0 43.62 34.38 78.00 NOTE
r-devel-linux-x86_64-fedora-clang 1.0.1.0 142.92 NOTE
r-devel-linux-x86_64-fedora-gcc 1.0.1.0 131.91 NOTE
r-devel-windows-ix86+x86_64 1.0.1.0 130.00 108.00 238.00 NOTE
r-patched-linux-x86_64 1.0.1.0 45.87 44.73 90.60 NOTE
r-patched-solaris-x86 1.0.1.0 135.60 NOTE
r-release-linux-x86_64 1.0.1.0 44.19 45.65 89.84 NOTE
r-release-macos-x86_64 1.0.1.0 ERROR
r-release-windows-ix86+x86_64 1.0.1.0 124.00 78.00 202.00 NOTE
r-oldrel-macos-x86_64 1.0.1.0 NOTE
r-oldrel-windows-ix86+x86_64 1.0.1.0 115.00 95.00 210.00 NOTE

Check Details

Version: 1.0.1.0
Check: for GNU extensions in Makefiles
Result: NOTE
    GNU make is a SystemRequirements.
Flavors: r-devel-linux-x86_64-debian-clang, r-devel-linux-x86_64-debian-gcc, r-devel-linux-x86_64-fedora-clang, r-devel-linux-x86_64-fedora-gcc, r-devel-windows-ix86+x86_64, r-patched-linux-x86_64, r-patched-solaris-x86, r-release-linux-x86_64, r-release-windows-ix86+x86_64, r-oldrel-macos-x86_64, r-oldrel-windows-ix86+x86_64

Version: 1.0.1.0
Check: use of SHLIB_OPENMP_*FLAGS in Makefiles
Result: NOTE
     src/Makevars.win: SHLIB_OPENMP_CXXFLAGS is included in PKG_CXXFLAGS but not in PKG_LIBS
     src/Makevars.win: SHLIB_OPENMP_CFLAGS is included in PKG_LIBS but linking is by C++
    Use of these macros is discussed in sect 1.2.1.1 of 'Writing R
    Extensions'. The macros for different languages may differ so the
    matching macro must be used in PKG_CXXFLAGS (etc) and match that used
    in PKG_LIBS (except for Fortran: see the manual).
Flavors: r-devel-linux-x86_64-debian-clang, r-devel-linux-x86_64-debian-gcc, r-devel-linux-x86_64-fedora-clang, r-devel-linux-x86_64-fedora-gcc, r-patched-linux-x86_64, r-release-linux-x86_64

Version: 1.0.1.0
Check: installed package size
Result: NOTE
     installed size is 5.0Mb
     sub-directories of 1Mb or more:
     libs 4.9Mb
Flavor: r-devel-linux-x86_64-fedora-clang

Version: 1.0.1.0
Check: whether package can be installed
Result: ERROR
    Installation failed.
Flavor: r-release-macos-x86_64