CRAN Package Check Results for Package SpatialBSS

Last updated on 2024-07-20 06:49:33 CEST.

Flavor Version Tinstall Tcheck Ttotal Status Flags
r-devel-linux-x86_64-debian-clang 0.14-0 58.81 90.52 149.33 NOTE
r-devel-linux-x86_64-debian-gcc 0.14-0 34.13 67.42 101.55 NOTE
r-devel-linux-x86_64-fedora-clang 0.14-0 245.77 NOTE
r-devel-linux-x86_64-fedora-gcc 0.14-0 243.88 NOTE
r-devel-windows-x86_64 0.14-0 48.00 135.00 183.00 NOTE
r-patched-linux-x86_64 0.14-0 54.54 84.91 139.45 NOTE
r-release-linux-x86_64 0.14-0 57.85 84.58 142.43 NOTE
r-release-macos-arm64 0.14-0 59.00 NOTE
r-release-macos-x86_64 0.14-0 104.00 NOTE
r-release-windows-x86_64 0.14-0 60.00 130.00 190.00 NOTE
r-oldrel-macos-arm64 0.14-0 59.00 OK
r-oldrel-macos-x86_64 0.14-0 89.00 OK
r-oldrel-windows-x86_64 0.14-0 75.00 149.00 224.00 OK

Check Details

Version: 0.14-0
Check: Rd files
Result: NOTE checkRd: (-1) SpatialBSS-package.Rd:25: Lost braces in \itemize; meant \describe ? checkRd: (-1) SpatialBSS-package.Rd:26: Lost braces in \itemize; meant \describe ? checkRd: (-1) SpatialBSS-package.Rd:27: Lost braces in \itemize; meant \describe ? checkRd: (-1) SpatialBSS-package.Rd:28: Lost braces in \itemize; meant \describe ? Flavors: r-devel-linux-x86_64-debian-clang, r-devel-linux-x86_64-debian-gcc, r-devel-linux-x86_64-fedora-clang, r-devel-linux-x86_64-fedora-gcc, r-devel-windows-x86_64, r-patched-linux-x86_64, r-release-linux-x86_64, r-release-macos-arm64, r-release-macos-x86_64, r-release-windows-x86_64