CRAN Package Check Results for Package SpatialfdaR

Last updated on 2024-02-22 07:52:24 CET.

Flavor Version Tinstall Tcheck Ttotal Status Flags
r-devel-linux-x86_64-debian-clang 1.0.0 NOTE
r-devel-linux-x86_64-debian-gcc 1.0.0 11.52 93.86 105.38 NOTE
r-devel-linux-x86_64-fedora-clang 1.0.0 175.60 NOTE
r-devel-linux-x86_64-fedora-gcc 1.0.0 189.05 NOTE
r-devel-windows-x86_64 1.0.0 13.00 105.00 118.00 OK
r-patched-linux-x86_64 1.0.0 15.64 120.72 136.36 OK
r-release-linux-x86_64 1.0.0 12.24 119.25 131.49 OK
r-release-macos-arm64 1.0.0 57.00 OK
r-release-macos-x86_64 1.0.0 88.00 OK
r-release-windows-x86_64 1.0.0 16.00 128.00 144.00 OK
r-oldrel-macos-arm64 1.0.0 51.00 OK
r-oldrel-windows-x86_64 1.0.0 19.00 132.00 151.00 OK

Check Details

Version: 1.0.0
Check: Rd files
Result: NOTE checkRd: (-1) create.FEM.basis.Rd:131: Lost braces in \enumerate; \value handles \item{}{} directly checkRd: (-1) create.FEM.basis.Rd:132: Lost braces in \enumerate; \value handles \item{}{} directly checkRd: (-1) create.FEM.basis.Rd:133-134: Lost braces in \enumerate; \value handles \item{}{} directly checkRd: (-1) create.FEM.basis.Rd:135-138: Lost braces in \enumerate; \value handles \item{}{} directly checkRd: (-1) create.FEM.basis.Rd:139-142: Lost braces in \enumerate; \value handles \item{}{} directly checkRd: (-1) create.FEM.basis.Rd:143-146: Lost braces in \enumerate; \value handles \item{}{} directly checkRd: (-1) makenodes.Rd:38-40: Lost braces in \itemize; \value handles \item{}{} directly checkRd: (-1) makenodes.Rd:41-48: Lost braces in \itemize; \value handles \item{}{} directly checkRd: (-1) makenodes.Rd:49-61: Lost braces in \itemize; \value handles \item{}{} directly checkRd: (-1) makenodes.Rd:62-64: Lost braces in \itemize; \value handles \item{}{} directly checkRd: (-1) makenodes.Rd:65-67: Lost braces in \itemize; \value handles \item{}{} directly checkRd: (-1) mass.FEM.Rd:17: Lost braces in \itemize; meant \describe ? checkRd: (-1) mass.FEM.Rd:18: Lost braces in \itemize; meant \describe ? checkRd: (-1) mass.FEM.Rd:19: Lost braces in \itemize; meant \describe ? checkRd: (-1) mass.FEM.Rd:20-21: Lost braces in \itemize; meant \describe ? checkRd: (-1) squareMesh.Rd:25: Lost braces in \itemize; \value handles \item{}{} directly checkRd: (-1) squareMesh.Rd:26-27: Lost braces in \itemize; \value handles \item{}{} directly checkRd: (-1) squareMesh.Rd:28-29: Lost braces in \itemize; \value handles \item{}{} directly checkRd: (-1) squareMesh_RL.Rd:28: Lost braces in \itemize; \value handles \item{}{} directly checkRd: (-1) squareMesh_RL.Rd:29-30: Lost braces in \itemize; \value handles \item{}{} directly checkRd: (-1) squareMesh_RL.Rd:31-32: Lost braces in \itemize; \value handles \item{}{} directly checkRd: (-1) stiff.FEM.Rd:17: Lost braces in \itemize; meant \describe ? checkRd: (-1) stiff.FEM.Rd:18: Lost braces in \itemize; meant \describe ? checkRd: (-1) stiff.FEM.Rd:19: Lost braces in \itemize; meant \describe ? checkRd: (-1) stiff.FEM.Rd:20-21: Lost braces in \itemize; meant \describe ? Flavors: r-devel-linux-x86_64-debian-clang, r-devel-linux-x86_64-debian-gcc, r-devel-linux-x86_64-fedora-clang, r-devel-linux-x86_64-fedora-gcc