CRAN Package Check Results for Package SplitSoftening

Last updated on 2024-05-22 06:56:55 CEST.

Flavor Version Tinstall Tcheck Ttotal Status Flags
r-devel-linux-x86_64-debian-clang 2.1-0 4.04 25.51 29.55 NOTE
r-devel-linux-x86_64-debian-gcc 2.1-0 3.26 20.33 23.59 NOTE
r-devel-linux-x86_64-fedora-clang 2.1-0 38.28 NOTE
r-devel-linux-x86_64-fedora-gcc 2.1-0 36.76 NOTE
r-devel-windows-x86_64 2.1-0 7.00 43.00 50.00 NOTE
r-patched-linux-x86_64 2.1-0 4.13 25.58 29.71 NOTE
r-release-linux-x86_64 2.1-0 4.04 25.67 29.71 NOTE
r-release-macos-arm64 2.1-0 17.00 NOTE
r-release-windows-x86_64 2.1-0 7.00 43.00 50.00 NOTE
r-oldrel-macos-arm64 2.1-0 19.00 OK
r-oldrel-macos-x86_64 2.1-0 25.00 OK
r-oldrel-windows-x86_64 2.1-0 7.00 42.00 49.00 OK

Check Details

Version: 2.1-0
Check: Rd files
Result: NOTE checkRd: (-1) softening.optimized.Rd:42-43: Lost braces in \itemize; meant \describe ? checkRd: (-1) softening.optimized.Rd:44: Lost braces in \itemize; meant \describe ? Flavors: r-devel-linux-x86_64-debian-clang, r-devel-linux-x86_64-debian-gcc, r-devel-linux-x86_64-fedora-clang, r-devel-linux-x86_64-fedora-gcc, r-devel-windows-x86_64, r-patched-linux-x86_64, r-release-linux-x86_64, r-release-macos-arm64, r-release-windows-x86_64