Last updated on 2022-06-30 01:49:21 CEST.
Flavor | Version | Tinstall | Tcheck | Ttotal | Status | Flags |
---|---|---|---|---|---|---|
r-devel-linux-x86_64-debian-clang | 3.1.1 | 23.58 | 28.90 | 52.48 | NOTE | |
r-devel-linux-x86_64-debian-gcc | 3.1.1 | 16.88 | 22.19 | 39.07 | NOTE | |
r-devel-linux-x86_64-fedora-clang | 3.1.1 | 77.99 | NOTE | |||
r-devel-linux-x86_64-fedora-gcc | 3.1.1 | 72.02 | NOTE | |||
r-devel-windows-x86_64 | 3.1.1 | 25.00 | 79.00 | 104.00 | NOTE | |
r-patched-linux-x86_64 | 3.1.1 | 17.52 | 28.13 | 45.65 | NOTE | |
r-release-linux-x86_64 | 3.1.1 | 18.92 | 28.15 | 47.07 | NOTE | |
r-release-macos-arm64 | 3.1.1 | 24.00 | NOTE | |||
r-release-macos-x86_64 | 3.1.1 | 33.00 | NOTE | |||
r-release-windows-x86_64 | 3.1.1 | 26.00 | 79.00 | 105.00 | NOTE | |
r-oldrel-macos-arm64 | 3.1.1 | 30.00 | NOTE | |||
r-oldrel-macos-x86_64 | 3.1.1 | 36.00 | NOTE | |||
r-oldrel-windows-ix86+x86_64 | 3.1.1 | 54.00 | 73.00 | 127.00 | NOTE |
Version: 3.1.1
Check: for GNU extensions in Makefiles
Result: NOTE
GNU make is a SystemRequirements.
Flavors: r-devel-linux-x86_64-debian-clang, r-devel-linux-x86_64-debian-gcc, r-devel-linux-x86_64-fedora-clang, r-devel-linux-x86_64-fedora-gcc, r-devel-windows-x86_64, r-patched-linux-x86_64, r-release-linux-x86_64, r-release-macos-arm64, r-release-macos-x86_64, r-release-windows-x86_64, r-oldrel-macos-arm64, r-oldrel-macos-x86_64, r-oldrel-windows-ix86+x86_64