CRAN Package Check Results for Package StatMatch

Last updated on 2021-09-22 01:49:13 CEST.

Flavor Version Tinstall Tcheck Ttotal Status Flags
r-devel-linux-x86_64-debian-clang 1.4.0 12.86 120.71 133.57 OK
r-devel-linux-x86_64-debian-gcc 1.4.0 10.99 89.57 100.56 OK
r-devel-linux-x86_64-fedora-clang 1.4.0 169.36 OK
r-devel-linux-x86_64-fedora-gcc 1.4.0 155.76 OK
r-devel-windows-x86_64 1.4.0 15.00 104.00 119.00 OK
r-devel-windows-x86_64-gcc10-UCRT 1.4.0 ERROR
r-patched-linux-x86_64 1.4.0 12.90 114.60 127.50 OK
r-patched-solaris-x86 1.4.0 216.70 OK
r-release-linux-x86_64 1.4.0 12.92 114.98 127.90 OK
r-release-macos-arm64 1.4.0 OK
r-release-macos-x86_64 1.4.0 OK
r-release-windows-ix86+x86_64 1.4.0 27.00 141.00 168.00 OK
r-oldrel-macos-x86_64 1.4.0 OK
r-oldrel-windows-ix86+x86_64 1.4.0 28.00 109.00 137.00 OK

Check Details

Version: 1.4.0
Check: whether package can be installed
Result: WARN
    Found the following significant warnings:
     WARNING: installation-time patches will not be applied, could not get the patches index
Flavor: r-devel-windows-x86_64-gcc10-UCRT

Version: 1.4.0
Check: PDF version of manual
Result: WARN
    LaTeX errors when creating PDF version.
    This typically indicates Rd problems.
Flavor: r-devel-windows-x86_64-gcc10-UCRT

Version: 1.4.0
Check: PDF version of manual without hyperrefs or index
Result: ERROR
    Re-running with no redirection of stdout/stderr.
Flavor: r-devel-windows-x86_64-gcc10-UCRT