CRAN Package Check Results for Package Superpower

Last updated on 2021-05-09 01:47:09 CEST.

Flavor Version Tinstall Tcheck Ttotal Status Flags
r-devel-linux-x86_64-debian-clang 0.1.1 16.58 578.87 595.45 OK
r-devel-linux-x86_64-debian-gcc 0.1.1 13.18 439.79 452.97 OK
r-devel-linux-x86_64-fedora-clang 0.1.1 697.00 NOTE
r-devel-linux-x86_64-fedora-gcc 0.1.1 706.54 NOTE
r-devel-windows-ix86+x86_64 0.1.1 43.00 659.00 702.00 OK
r-devel-windows-x86_64-gcc10-UCRT 0.1.1 NOTE
r-patched-linux-x86_64 0.1.1 23.87 557.97 581.84 OK
r-patched-solaris-x86 0.1.1 978.80 NOTE
r-release-linux-x86_64 0.1.1 15.97 576.95 592.92 OK
r-release-macos-x86_64 0.1.1 NOTE
r-release-windows-ix86+x86_64 0.1.1 34.00 478.00 512.00 OK
r-oldrel-macos-x86_64 0.1.1 NOTE
r-oldrel-windows-ix86+x86_64 0.1.1 36.00 665.00 701.00 OK

Check Details

Version: 0.1.1
Check: dependencies in R code
Result: NOTE
    Namespaces in Imports field not imported from:
     ‘gridExtra’ ‘mvtnorm’
     All declared Imports should be used.
Flavors: r-devel-linux-x86_64-fedora-clang, r-devel-linux-x86_64-fedora-gcc, r-devel-windows-x86_64-gcc10-UCRT, r-patched-solaris-x86, r-release-macos-x86_64, r-oldrel-macos-x86_64