CRAN Package Check Results for Package Superpower

Last updated on 2022-01-23 00:57:27 CET.

Flavor Version Tinstall Tcheck Ttotal Status Flags
r-devel-linux-x86_64-debian-clang 0.1.2 17.99 351.75 369.74 OK
r-devel-linux-x86_64-debian-gcc 0.1.2 13.32 260.37 273.69 OK
r-devel-linux-x86_64-fedora-clang 0.1.2 439.67 NOTE
r-devel-linux-x86_64-fedora-gcc 0.1.2 430.64 NOTE
r-devel-windows-x86_64-new-UL 0.1.2 80.00 725.00 805.00 OK
r-devel-windows-x86_64-new-TK 0.1.2 ERROR
r-patched-linux-x86_64 0.1.2 22.73 352.28 375.01 OK
r-release-linux-x86_64 0.1.2 16.83 350.16 366.99 OK
r-release-macos-arm64 0.1.2 NOTE
r-release-macos-x86_64 0.1.2 NOTE
r-release-windows-ix86+x86_64 0.1.2 41.00 416.00 457.00 OK
r-oldrel-macos-x86_64 0.1.2 NOTE
r-oldrel-windows-ix86+x86_64 0.1.2 41.00 507.00 548.00 OK

Check Details

Version: 0.1.2
Check: dependencies in R code
Result: NOTE
    Namespaces in Imports field not imported from:
     ‘gridExtra’ ‘mvtnorm’
     All declared Imports should be used.
Flavors: r-devel-linux-x86_64-fedora-clang, r-devel-linux-x86_64-fedora-gcc, r-release-macos-arm64, r-release-macos-x86_64, r-oldrel-macos-x86_64

Version: 0.1.2
Check: package dependencies
Result: ERROR
    Package required but not available: 'afex'
    
    See section 'The DESCRIPTION file' in the 'Writing R Extensions'
    manual.
Flavor: r-devel-windows-x86_64-new-TK