CRAN Package Check Results for Package SurvBoost

Last updated on 2020-07-14 02:07:15 CEST.

Flavor Version Tinstall Tcheck Ttotal Status Flags
r-devel-linux-x86_64-debian-clang 0.1.2 52.57 64.34 116.91 OK
r-devel-linux-x86_64-debian-gcc 0.1.2 41.41 48.95 90.36 OK
r-devel-linux-x86_64-fedora-clang 0.1.2 165.80 OK
r-devel-linux-x86_64-fedora-gcc 0.1.2 154.28 OK
r-devel-windows-ix86+x86_64 0.1.2 99.00 139.00 238.00 OK
r-patched-linux-x86_64 0.1.2 45.24 61.71 106.95 OK
r-patched-solaris-x86 0.1.2 174.60 OK
r-release-linux-x86_64 0.1.2 40.31 61.47 101.78 OK
r-release-macos-x86_64 0.1.2 ERROR
r-release-windows-ix86+x86_64 0.1.2 134.00 136.00 270.00 OK
r-oldrel-macos-x86_64 0.1.2 OK
r-oldrel-windows-ix86+x86_64 0.1.2 112.00 128.00 240.00 OK

Check Details

Version: 0.1.2
Check: whether package can be installed
Result: ERROR
    Installation failed.
Flavor: r-release-macos-x86_64