Last updated on 2025-01-19 07:50:15 CET.
Flavor | Version | Tinstall | Tcheck | Ttotal | Status | Flags |
---|---|---|---|---|---|---|
r-devel-linux-x86_64-debian-clang | 0.1.3 | 8.57 | 69.75 | 78.32 | OK | |
r-devel-linux-x86_64-debian-gcc | 0.1.3 | 4.78 | 49.04 | 53.82 | OK | |
r-devel-linux-x86_64-fedora-clang | 0.1.3 | 122.04 | OK | |||
r-devel-linux-x86_64-fedora-gcc | 0.1.3 | 122.11 | OK | |||
r-devel-windows-x86_64 | 0.1.3 | 12.00 | 82.00 | 94.00 | OK | |
r-patched-linux-x86_64 | 0.1.3 | 8.30 | 62.37 | 70.67 | OK | |
r-release-linux-x86_64 | 0.1.3 | 7.92 | 61.58 | 69.50 | OK | |
r-release-macos-arm64 | 0.1.3 | 34.00 | OK | |||
r-release-macos-x86_64 | 0.1.3 | 63.00 | OK | |||
r-release-windows-x86_64 | 0.1.3 | 12.00 | 91.00 | 103.00 | OK | |
r-oldrel-macos-arm64 | 0.1.3 | 34.00 | OK | |||
r-oldrel-macos-x86_64 | 0.1.3 | 53.00 | OK | |||
r-oldrel-windows-x86_64 | 0.1.3 | 10.00 | 113.00 | 123.00 | ERROR |
Version: 0.1.3
Check: whether package can be installed
Result: ERROR
Installation failed.
Flavor: r-oldrel-windows-x86_64