CRAN Package Check Results for Package T4cluster

Last updated on 2021-09-22 01:49:14 CEST.

Flavor Version Tinstall Tcheck Ttotal Status Flags
r-devel-linux-x86_64-debian-clang 0.1.2 249.11 176.25 425.36 OK
r-devel-linux-x86_64-debian-gcc 0.1.2 164.86 133.43 298.29 OK
r-devel-linux-x86_64-fedora-clang 0.1.2 587.75 NOTE
r-devel-linux-x86_64-fedora-gcc 0.1.2 528.41 OK
r-devel-windows-x86_64 0.1.2 217.00 165.00 382.00 OK
r-devel-windows-x86_64-gcc10-UCRT 0.1.2 ERROR
r-patched-linux-x86_64 0.1.2 195.60 166.74 362.34 OK
r-patched-solaris-x86 0.1.2 458.60 OK
r-release-linux-x86_64 0.1.2 189.24 167.62 356.86 OK
r-release-macos-arm64 0.1.2 NOTE
r-release-macos-x86_64 0.1.2 NOTE
r-release-windows-ix86+x86_64 0.1.2 541.00 284.00 825.00 OK
r-oldrel-macos-x86_64 0.1.2 NOTE
r-oldrel-windows-ix86+x86_64 0.1.2 527.00 223.00 750.00 OK

Check Details

Version: 0.1.2
Check: installed package size
Result: NOTE
     installed size is 12.7Mb
     sub-directories of 1Mb or more:
     libs 12.2Mb
Flavors: r-devel-linux-x86_64-fedora-clang, r-release-macos-arm64, r-release-macos-x86_64, r-oldrel-macos-x86_64

Version: 0.1.2
Check: Rd cross-references
Result: NOTE
    Undeclared package ‘HSAUR3’ in Rd xrefs
Flavor: r-devel-linux-x86_64-fedora-clang

Version: 0.1.2
Check: whether package can be installed
Result: ERROR
    Installation failed.
Flavor: r-devel-windows-x86_64-gcc10-UCRT