CRAN Package Check Results for Package TANDEM

Last updated on 2020-04-04 01:52:35 CEST.

Flavor Version Tinstall Tcheck Ttotal Status Flags
r-devel-linux-x86_64-debian-clang 1.0.3 1.79 43.26 45.05 OK
r-devel-linux-x86_64-debian-gcc 1.0.3 1.69 32.64 34.33 OK
r-devel-linux-x86_64-fedora-clang 1.0.3 52.08 OK
r-devel-linux-x86_64-fedora-gcc 1.0.3 51.30 OK
r-devel-windows-ix86+x86_64 1.0.3 6.00 49.00 55.00 OK
r-devel-windows-ix86+x86_64-gcc8 1.0.3 6.00 48.00 54.00 OK
r-patched-linux-x86_64 1.0.3 1.95 40.20 42.15 OK
r-patched-solaris-x86 1.0.3 77.20 OK
r-release-linux-x86_64 1.0.3 1.67 37.55 39.22 OK
r-release-windows-ix86+x86_64 1.0.3 5.00 53.00 58.00 OK
r-release-osx-x86_64 1.0.3 OK
r-oldrel-windows-ix86+x86_64 1.0.3 4.00 6.00 10.00 ERROR
r-oldrel-osx-x86_64 1.0.3 ERROR

Check Details

Version: 1.0.3
Check: package dependencies
Result: ERROR
    Package required and available but unsuitable version: 'glmnet'
    
    See section 'The DESCRIPTION file' in the 'Writing R Extensions'
    manual.
Flavors: r-oldrel-windows-ix86+x86_64, r-oldrel-osx-x86_64