Last updated on 2023-03-31 07:53:41 CEST.
Flavor | Version | Tinstall | Tcheck | Ttotal | Status | Flags |
---|---|---|---|---|---|---|
r-devel-linux-x86_64-debian-clang | 1.0.2 | 47.23 | 130.44 | 177.67 | NOTE | |
r-devel-linux-x86_64-debian-gcc | 1.0.2 | 40.31 | 103.03 | 143.34 | NOTE | |
r-devel-linux-x86_64-fedora-clang | 1.0.2 | 233.49 | NOTE | |||
r-devel-linux-x86_64-fedora-gcc | 1.0.2 | 251.47 | NOTE | |||
r-devel-windows-x86_64 | 1.0.2 | 54.00 | 205.00 | 259.00 | NOTE | |
r-patched-linux-x86_64 | 1.0.2 | 45.66 | 130.24 | 175.90 | NOTE | |
r-release-linux-x86_64 | 1.0.2 | 34.10 | 130.04 | 164.14 | NOTE | |
r-release-macos-arm64 | 1.0.2 | 73.00 | NOTE | |||
r-release-macos-x86_64 | 1.0.2 | 123.00 | NOTE | |||
r-release-windows-x86_64 | 1.0.2 | 119.00 | 202.00 | 321.00 | NOTE | |
r-oldrel-macos-arm64 | 1.0.2 | 80.00 | NOTE | |||
r-oldrel-macos-x86_64 | 1.0.2 | 127.00 | NOTE | |||
r-oldrel-windows-ix86+x86_64 | 1.0.2 | 112.00 | 241.00 | 353.00 | NOTE |
Version: 1.0.2
Check: C++ specification
Result: NOTE
Specified C++11: please drop specification unless essential
Flavors: r-devel-linux-x86_64-debian-clang, r-devel-linux-x86_64-debian-gcc, r-devel-linux-x86_64-fedora-clang, r-devel-linux-x86_64-fedora-gcc, r-devel-windows-x86_64, r-patched-linux-x86_64
Version: 1.0.2
Check: LazyData
Result: NOTE
'LazyData' is specified without a 'data' directory
Flavors: r-devel-linux-x86_64-debian-clang, r-devel-linux-x86_64-debian-gcc, r-devel-linux-x86_64-fedora-clang, r-devel-linux-x86_64-fedora-gcc, r-devel-windows-x86_64, r-patched-linux-x86_64, r-release-linux-x86_64, r-release-macos-arm64, r-release-macos-x86_64, r-release-windows-x86_64, r-oldrel-macos-arm64, r-oldrel-macos-x86_64, r-oldrel-windows-ix86+x86_64
Version: 1.0.2
Check: installed package size
Result: NOTE
installed size is 5.0Mb
sub-directories of 1Mb or more:
libs 4.9Mb
Flavors: r-release-macos-arm64, r-release-macos-x86_64, r-oldrel-macos-arm64, r-oldrel-macos-x86_64