Last updated on 2022-06-30 01:49:21 CEST.
Flavor | Version | Tinstall | Tcheck | Ttotal | Status | Flags |
---|---|---|---|---|---|---|
r-devel-linux-x86_64-debian-clang | 1.2.1 | 10.67 | 88.86 | 99.53 | NOTE | |
r-devel-linux-x86_64-debian-gcc | 1.2.1 | 7.51 | 66.36 | 73.87 | NOTE | |
r-devel-linux-x86_64-fedora-clang | 1.2.1 | 127.69 | WARN | |||
r-devel-linux-x86_64-fedora-gcc | 1.2.1 | 126.70 | WARN | |||
r-devel-windows-x86_64 | 1.2.1 | 18.00 | 115.00 | 133.00 | NOTE | |
r-patched-linux-x86_64 | 1.2.1 | 11.85 | 85.78 | 97.63 | NOTE | |
r-release-linux-x86_64 | 1.2.1 | 9.25 | 84.92 | 94.17 | NOTE | |
r-release-macos-arm64 | 1.2.1 | 35.00 | NOTE | |||
r-release-macos-x86_64 | 1.2.1 | 68.00 | NOTE | |||
r-release-windows-x86_64 | 1.2.1 | 19.00 | 112.00 | 131.00 | NOTE | |
r-oldrel-macos-arm64 | 1.2.1 | 46.00 | NOTE | |||
r-oldrel-macos-x86_64 | 1.2.1 | 69.00 | NOTE | |||
r-oldrel-windows-ix86+x86_64 | 1.2.1 | 22.00 | 109.00 | 131.00 | NOTE |
Version: 1.2.1
Check: LazyData
Result: NOTE
'LazyData' is specified without a 'data' directory
Flavors: r-devel-linux-x86_64-debian-clang, r-devel-linux-x86_64-debian-gcc, r-devel-linux-x86_64-fedora-clang, r-devel-linux-x86_64-fedora-gcc, r-devel-windows-x86_64, r-patched-linux-x86_64, r-release-linux-x86_64, r-release-macos-arm64, r-release-macos-x86_64, r-release-windows-x86_64, r-oldrel-macos-arm64, r-oldrel-macos-x86_64, r-oldrel-windows-ix86+x86_64
Version: 1.2.1
Check: package dependencies
Result: WARN
Requires (indirectly) orphaned package: ‘gtools’
Flavors: r-devel-linux-x86_64-fedora-clang, r-devel-linux-x86_64-fedora-gcc
Version: 1.2.1
Check: dependencies in R code
Result: NOTE
Namespaces in Imports field not imported from:
‘Matrix’ ‘quadprog’
All declared Imports should be used.
Flavors: r-devel-linux-x86_64-fedora-clang, r-devel-linux-x86_64-fedora-gcc, r-release-macos-arm64, r-release-macos-x86_64, r-oldrel-macos-arm64, r-oldrel-macos-x86_64