CRAN Package Check Results for Package TH.data

Last updated on 2022-09-28 02:51:14 CEST.

Flavor Version Tinstall Tcheck Ttotal Status Flags
r-devel-linux-x86_64-debian-clang 1.1-1 6.59 95.59 102.18 OK
r-devel-linux-x86_64-debian-gcc 1.1-1 4.64 69.97 74.61 OK
r-devel-linux-x86_64-fedora-clang 1.1-1 138.86 NOTE
r-devel-linux-x86_64-fedora-gcc 1.1-1 135.64 OK
r-devel-windows-x86_64 1.1-1 28.00 496.00 524.00 NOTE
r-patched-linux-x86_64 1.1-1 5.99 89.47 95.46 OK
r-release-linux-x86_64 1.1-1 6.63 88.56 95.19 OK
r-release-macos-arm64 1.1-1 46.00 NOTE
r-release-macos-x86_64 1.1-1 76.00 NOTE
r-release-windows-x86_64 1.1-1 24.00 547.00 571.00 NOTE
r-oldrel-macos-arm64 1.1-1 62.00 NOTE
r-oldrel-macos-x86_64 1.1-1 78.00 NOTE
r-oldrel-windows-ix86+x86_64 1.1-1 15.00 568.00 583.00 NOTE

Check Details

Version: 1.1-1
Check: installed package size
Result: NOTE
     installed size is 8.9Mb
     sub-directories of 1Mb or more:
     data 1.2Mb
     rda 7.1Mb
Flavors: r-devel-linux-x86_64-fedora-clang, r-devel-windows-x86_64, r-release-macos-arm64, r-release-macos-x86_64, r-release-windows-x86_64, r-oldrel-macos-arm64, r-oldrel-macos-x86_64, r-oldrel-windows-ix86+x86_64