CRAN Package Check Results for Package TITAN2

Last updated on 2020-03-29 00:47:36 CET.

Flavor Version Tinstall Tcheck Ttotal Status Flags
r-devel-linux-x86_64-debian-clang 2.4 OK
r-devel-linux-x86_64-debian-gcc 2.4 6.30 74.82 81.12 OK
r-devel-linux-x86_64-fedora-clang 2.4 128.15 NOTE
r-devel-linux-x86_64-fedora-gcc 2.4 113.08 NOTE
r-devel-windows-ix86+x86_64 2.4 16.00 100.00 116.00 OK
r-devel-windows-ix86+x86_64-gcc8 2.4 16.00 106.00 122.00 OK
r-patched-linux-x86_64 2.4 8.05 95.63 103.68 OK
r-patched-solaris-x86 2.4 167.70 NOTE
r-release-linux-x86_64 2.4 6.88 89.10 95.98 OK
r-release-windows-ix86+x86_64 2.4 23.00 134.00 157.00 OK
r-release-osx-x86_64 2.4 NOTE
r-oldrel-windows-ix86+x86_64 2.4 15.00 150.00 165.00 OK
r-oldrel-osx-x86_64 2.4 NOTE

Check Details

Version: 2.4
Check: dependencies in R code
Result: NOTE
    Namespace in Imports field not imported from: ‘snow’
     All declared Imports should be used.
Flavors: r-devel-linux-x86_64-fedora-clang, r-devel-linux-x86_64-fedora-gcc, r-patched-solaris-x86, r-release-osx-x86_64, r-oldrel-osx-x86_64