CRAN Package Check Results for Package TKCat

Last updated on 2024-02-20 08:01:15 CET.

Flavor Version Tinstall Tcheck Ttotal Status Flags
r-devel-linux-x86_64-debian-clang 1.0.7 ERROR
r-devel-linux-x86_64-debian-gcc 1.0.7 24.13 212.00 236.13 OK
r-devel-linux-x86_64-fedora-clang 1.0.7 2.36 ERROR
r-devel-linux-x86_64-fedora-gcc 1.0.7 426.02 OK
r-devel-windows-x86_64 1.0.7 24.00 379.00 403.00 OK
r-patched-linux-x86_64 1.0.7 24.47 296.98 321.45 OK
r-release-linux-x86_64 1.0.7 20.76 285.14 305.90 OK
r-release-macos-arm64 1.0.7 107.00 OK
r-release-macos-x86_64 1.0.7 199.00 OK
r-release-windows-x86_64 1.0.7 33.00 294.00 327.00 OK
r-oldrel-macos-arm64 1.0.7 85.00 OK
r-oldrel-windows-x86_64 1.0.7 34.00 404.00 438.00 OK

Check Details

Version: 1.0.7
Check: package dependencies
Result: ERROR Package required but not available: ‘ClickHouseHTTP’ See section ‘The DESCRIPTION file’ in the ‘Writing R Extensions’ manual. Flavors: r-devel-linux-x86_64-debian-clang, r-devel-linux-x86_64-fedora-clang