CRAN Package Check Results for Package TMB

Last updated on 2022-12-09 01:50:44 CET.

Flavor Version Tinstall Tcheck Ttotal Status Flags
r-devel-linux-x86_64-debian-clang 1.9.1 84.66 88.80 173.46 WARN
r-devel-linux-x86_64-debian-gcc 1.9.1 68.56 80.98 149.54 WARN
r-devel-linux-x86_64-fedora-clang 1.9.1 222.54 WARN
r-devel-linux-x86_64-fedora-gcc 1.9.1 224.01 WARN
r-devel-windows-x86_64 1.9.1 170.00 235.00 405.00 NOTE
r-patched-linux-x86_64 1.9.1 70.04 83.28 153.32 OK
r-release-linux-x86_64 1.9.1 66.37 85.72 152.09 OK
r-release-macos-arm64 1.9.1 45.00 NOTE
r-release-macos-x86_64 1.9.1 79.00 NOTE
r-release-windows-x86_64 1.9.1 140.00 125.00 265.00 NOTE
r-oldrel-macos-arm64 1.9.1 47.00 NOTE
r-oldrel-macos-x86_64 1.9.1 77.00 NOTE
r-oldrel-windows-ix86+x86_64 1.9.1 157.00 130.00 287.00 NOTE

Check Details

Version: 1.9.1
Check: whether package can be installed
Result: WARN
    Found the following significant warnings:
     external_metis.c:102:23: warning: a function declaration without a prototype is deprecated in all versions of C [-Wstrict-prototypes]
     init.c:17:23: warning: a function declaration without a prototype is deprecated in all versions of C [-Wstrict-prototypes]
Flavors: r-devel-linux-x86_64-debian-clang, r-devel-linux-x86_64-fedora-clang

Version: 1.9.1
Check: whether package can be installed
Result: WARN
    Found the following significant warnings:
     external_metis.c:102:6: warning: function declaration isn’t a prototype [-Wstrict-prototypes]
     init.c:17:1: warning: function declaration isn’t a prototype [-Wstrict-prototypes]
Flavors: r-devel-linux-x86_64-debian-gcc, r-devel-linux-x86_64-fedora-gcc

Version: 1.9.1
Check: installed package size
Result: NOTE
     installed size is 5.1Mb
     sub-directories of 1Mb or more:
     examples 1.1Mb
     include 3.6Mb
Flavors: r-devel-linux-x86_64-fedora-clang, r-devel-windows-x86_64, r-release-macos-arm64, r-release-macos-x86_64, r-release-windows-x86_64, r-oldrel-macos-arm64, r-oldrel-macos-x86_64, r-oldrel-windows-ix86+x86_64