CRAN Package Check Results for Package TMDb

Last updated on 2023-06-05 07:53:09 CEST.

Flavor Version Tinstall Tcheck Ttotal Status Flags
r-devel-linux-x86_64-debian-clang 1.1 5.14 44.01 49.15 NOTE
r-devel-linux-x86_64-debian-gcc 1.1 4.05 34.60 38.65 NOTE
r-devel-linux-x86_64-fedora-clang 1.1 64.16 NOTE
r-devel-linux-x86_64-fedora-gcc 1.1 60.21 NOTE
r-devel-windows-x86_64 1.1 8.00 74.00 82.00 NOTE
r-patched-linux-x86_64 1.1 7.40 43.04 50.44 NOTE
r-release-linux-x86_64 1.1 4.74 43.11 47.85 NOTE
r-release-macos-arm64 1.1 24.00 NOTE
r-release-macos-x86_64 1.1 33.00 NOTE
r-release-windows-x86_64 1.1 8.00 78.00 86.00 NOTE
r-oldrel-macos-arm64 1.1 20.00 NOTE
r-oldrel-macos-x86_64 1.1 30.00 NOTE
r-oldrel-windows-x86_64 1.1 8.00 90.00 98.00 NOTE

Check Details

Version: 1.1
Check: LazyData
Result: NOTE
     'LazyData' is specified without a 'data' directory
Flavors: r-devel-linux-x86_64-debian-clang, r-devel-linux-x86_64-debian-gcc, r-devel-linux-x86_64-fedora-clang, r-devel-linux-x86_64-fedora-gcc, r-devel-windows-x86_64, r-patched-linux-x86_64, r-release-linux-x86_64, r-release-macos-arm64, r-release-macos-x86_64, r-release-windows-x86_64, r-oldrel-macos-arm64, r-oldrel-macos-x86_64, r-oldrel-windows-x86_64