CRAN Package Check Results for Package TMDb

Last updated on 2022-07-02 01:49:10 CEST.

Flavor Version Tinstall Tcheck Ttotal Status Flags
r-devel-linux-x86_64-debian-clang 1.1 4.98 43.04 48.02 NOTE
r-devel-linux-x86_64-debian-gcc 1.1 3.78 33.23 37.01 NOTE
r-devel-linux-x86_64-fedora-clang 1.1 67.66 NOTE
r-devel-linux-x86_64-fedora-gcc 1.1 66.64 NOTE
r-devel-windows-x86_64 1.1 36.00 74.00 110.00 NOTE
r-patched-linux-x86_64 1.1 5.79 39.48 45.27 NOTE
r-release-linux-x86_64 1.1 5.11 39.50 44.61 NOTE
r-release-macos-arm64 1.1 20.00 NOTE
r-release-macos-x86_64 1.1 30.00 NOTE
r-release-windows-x86_64 1.1 45.00 73.00 118.00 NOTE
r-oldrel-macos-arm64 1.1 28.00 NOTE
r-oldrel-macos-x86_64 1.1 35.00 NOTE
r-oldrel-windows-ix86+x86_64 1.1 11.00 71.00 82.00 NOTE

Check Details

Version: 1.1
Check: LazyData
Result: NOTE
     'LazyData' is specified without a 'data' directory
Flavors: r-devel-linux-x86_64-debian-clang, r-devel-linux-x86_64-debian-gcc, r-devel-linux-x86_64-fedora-clang, r-devel-linux-x86_64-fedora-gcc, r-devel-windows-x86_64, r-patched-linux-x86_64, r-release-linux-x86_64, r-release-macos-arm64, r-release-macos-x86_64, r-release-windows-x86_64, r-oldrel-macos-arm64, r-oldrel-macos-x86_64, r-oldrel-windows-ix86+x86_64