Last updated on 2022-06-30 01:49:22 CEST.
Flavor | Version | Tinstall | Tcheck | Ttotal | Status | Flags |
---|---|---|---|---|---|---|
r-devel-linux-x86_64-debian-clang | 1.0.4 | 31.23 | 85.37 | 116.60 | OK | |
r-devel-linux-x86_64-debian-gcc | 1.0.4 | 25.66 | 64.73 | 90.39 | OK | |
r-devel-linux-x86_64-fedora-clang | 1.0.4 | 155.47 | OK | |||
r-devel-linux-x86_64-fedora-gcc | 1.0.4 | 149.57 | OK | |||
r-devel-windows-x86_64 | 1.0.4 | 34.00 | 159.00 | 193.00 | OK | |
r-patched-linux-x86_64 | 1.0.4 | 29.14 | 81.93 | 111.07 | OK | |
r-release-linux-x86_64 | 1.0.4 | 24.06 | 81.96 | 106.02 | OK | |
r-release-macos-arm64 | 1.0.4 | 63.00 | NOTE | |||
r-release-macos-x86_64 | 1.0.4 | 73.00 | OK | |||
r-release-windows-x86_64 | 1.0.4 | 33.00 | 115.00 | 148.00 | OK | |
r-oldrel-macos-arm64 | 1.0.4 | 67.00 | NOTE | |||
r-oldrel-macos-x86_64 | 1.0.4 | 74.00 | OK | |||
r-oldrel-windows-ix86+x86_64 | 1.0.4 | 48.00 | 114.00 | 162.00 | OK |
Version: 1.0.4
Check: installed package size
Result: NOTE
installed size is 5.3Mb
sub-directories of 1Mb or more:
data 5.1Mb
Flavors: r-release-macos-arm64, r-oldrel-macos-arm64