CRAN Package Check Results for Package TPmsm

Last updated on 2024-07-18 06:57:38 CEST.

Flavor Version Tinstall Tcheck Ttotal Status Flags
r-devel-linux-x86_64-debian-clang 1.2.12 17.05 169.64 186.69 OK
r-devel-linux-x86_64-debian-gcc 1.2.12 14.56 150.56 165.12 OK
r-devel-linux-x86_64-fedora-clang 1.2.12 273.03 OK
r-devel-linux-x86_64-fedora-gcc 1.2.12 273.51 OK
r-devel-windows-x86_64 1.2.12 30.00 264.00 294.00 NOTE
r-patched-linux-x86_64 1.2.12 18.29 192.28 210.57 OK
r-release-linux-x86_64 1.2.12 16.11 170.05 186.16 OK
r-release-macos-arm64 1.2.12 85.00 OK
r-release-macos-x86_64 1.2.12 124.00 WARN
r-release-windows-x86_64 1.2.12 29.00 242.00 271.00 OK
r-oldrel-macos-arm64 1.2.12 100.00 OK
r-oldrel-macos-x86_64 1.2.12 234.00 OK
r-oldrel-windows-x86_64 1.2.12 33.00 287.00 320.00 OK

Check Details

Version: 1.2.12
Check: Rd cross-references
Result: NOTE Found the following Rd file(s) with Rd \link{} targets missing package anchors: heartTP.Rd: heart Please provide package anchors for all Rd \link{} targets not in the package itself and the base packages. Flavor: r-devel-windows-x86_64

Version: 1.2.12
Check: re-building of vignette outputs
Result: WARN Error(s) in re-building vignettes: ... --- re-building ‘TPmsm.Rnw’ using knitr Error: processing vignette 'TPmsm.Rnw' failed with diagnostics: Running 'texi2dvi' on 'TPmsm.tex' failed. LaTeX errors: ! Undefined control sequence. l.748 \hlkwd{library}\hldef {(}\hlsng{"TPmsm"}\hldef{);} ? ! Emergency stop. ! Emergency stop. l.748 End of file on the terminal! ! ==> Fatal error occurred, no output PDF file produced! --- failed re-building ‘TPmsm.Rnw’ SUMMARY: processing the following file failed: ‘TPmsm.Rnw’ Error: Vignette re-building failed. Execution halted Flavor: r-release-macos-x86_64