CRAN Package Check Results for Package TSA

Last updated on 2022-07-26 01:58:26 CEST.

Flavor Version Tinstall Tcheck Ttotal Status Flags
r-devel-linux-x86_64-debian-clang 1.3.1 13.64 117.94 131.58 OK
r-devel-linux-x86_64-debian-gcc 1.3.1 11.43 89.30 100.73 OK
r-devel-linux-x86_64-fedora-clang 1.3.1 164.32 NOTE
r-devel-linux-x86_64-fedora-gcc 1.3.1 163.11 NOTE
r-devel-windows-x86_64 1.3.1 54.00 366.00 420.00 OK
r-patched-linux-x86_64 1.3.1 14.97 111.46 126.43 OK
r-release-linux-x86_64 1.3.1 11.28 115.42 126.70 OK
r-release-macos-arm64 1.3.1 51.00 NOTE
r-release-macos-x86_64 1.3.1 72.00 NOTE
r-release-windows-x86_64 1.3.1 51.00 159.00 210.00 OK
r-oldrel-macos-arm64 1.3.1 50.00 NOTE
r-oldrel-macos-x86_64 1.3.1 67.00 NOTE
r-oldrel-windows-ix86+x86_64 1.3.1 25.00 158.00 183.00 OK

Check Details

Version: 1.3.1
Check: dependencies in R code
Result: NOTE
    Namespace in Imports field not imported from: ‘tseries’
     All declared Imports should be used.
Flavors: r-devel-linux-x86_64-fedora-clang, r-devel-linux-x86_64-fedora-gcc, r-release-macos-arm64, r-release-macos-x86_64, r-oldrel-macos-arm64, r-oldrel-macos-x86_64