CRAN Package Check Results for Package TSCS

Last updated on 2020-04-04 01:52:37 CEST.

Flavor Version Tinstall Tcheck Ttotal Status Flags
r-devel-linux-x86_64-debian-clang 0.1.1 9.15 65.89 75.04 OK
r-devel-linux-x86_64-debian-gcc 0.1.1 7.58 51.35 58.93 OK
r-devel-linux-x86_64-fedora-clang 0.1.1 89.25 OK
r-devel-linux-x86_64-fedora-gcc 0.1.1 81.89 OK
r-devel-windows-ix86+x86_64 0.1.1 24.00 73.00 97.00 OK
r-devel-windows-ix86+x86_64-gcc8 0.1.1 18.00 71.00 89.00 OK
r-patched-linux-x86_64 0.1.1 8.01 63.41 71.42 OK
r-patched-solaris-x86 0.1.1 130.20 OK
r-release-linux-x86_64 0.1.1 6.73 58.61 65.34 NOTE
r-release-windows-ix86+x86_64 0.1.1 17.00 73.00 90.00 OK
r-release-osx-x86_64 0.1.1 WARN
r-oldrel-windows-ix86+x86_64 0.1.1 13.00 73.00 86.00 OK
r-oldrel-osx-x86_64 0.1.1 OK

Check Details

Version: 0.1.1
Check: DESCRIPTION meta-information
Result: NOTE
    Dependence on R version ‘3.4.2’ not with patchlevel 0
Flavor: r-release-linux-x86_64

Version: 0.1.1
Check: whether package can be installed
Result: WARN
    Found the following significant warnings:
     Warning: 'rgl_init' failed, running with rgl.useNULL = TRUE
Flavor: r-release-osx-x86_64