CRAN Package Check Results for Package TSEntropies

Last updated on 2022-06-30 01:49:22 CEST.

Flavor Version Tinstall Tcheck Ttotal Status Flags
r-devel-linux-x86_64-debian-clang 0.9 3.55 29.91 33.46 NOTE
r-devel-linux-x86_64-debian-gcc 0.9 2.79 21.66 24.45 NOTE
r-devel-linux-x86_64-fedora-clang 0.9 50.80 NOTE
r-devel-linux-x86_64-fedora-gcc 0.9 48.91 NOTE
r-devel-windows-x86_64 0.9 22.00 112.00 134.00 NOTE
r-patched-linux-x86_64 0.9 3.06 27.83 30.89 NOTE
r-release-linux-x86_64 0.9 3.22 27.86 31.08 NOTE
r-release-macos-arm64 0.9 20.00 NOTE
r-release-macos-x86_64 0.9 31.00 NOTE
r-release-windows-x86_64 0.9 11.00 103.00 114.00 NOTE
r-oldrel-macos-arm64 0.9 24.00 NOTE
r-oldrel-macos-x86_64 0.9 39.00 NOTE
r-oldrel-windows-ix86+x86_64 0.9 11.00 57.00 68.00 NOTE

Check Details

Version: 0.9
Check: LazyData
Result: NOTE
     'LazyData' is specified without a 'data' directory
Flavors: r-devel-linux-x86_64-debian-clang, r-devel-linux-x86_64-debian-gcc, r-devel-linux-x86_64-fedora-clang, r-devel-linux-x86_64-fedora-gcc, r-devel-windows-x86_64, r-patched-linux-x86_64, r-release-linux-x86_64, r-release-macos-arm64, r-release-macos-x86_64, r-release-windows-x86_64, r-oldrel-macos-arm64, r-oldrel-macos-x86_64, r-oldrel-windows-ix86+x86_64