CRAN Package Check Results for Package TSMCP

Last updated on 2021-04-19 02:47:06 CEST.

Flavor Version Tinstall Tcheck Ttotal Status Flags
r-devel-linux-x86_64-debian-clang 1.0 2.88 34.48 37.36 NOTE
r-devel-linux-x86_64-debian-gcc 1.0 2.36 26.50 28.86 NOTE
r-devel-linux-x86_64-fedora-clang 1.0 55.27 NOTE
r-devel-linux-x86_64-fedora-gcc 1.0 45.54 NOTE
r-devel-windows-ix86+x86_64 1.0 7.00 37.00 44.00 NOTE
r-devel-windows-x86_64-gcc10-UCRT 1.0 NOTE
r-patched-linux-x86_64 1.0 2.90 33.06 35.96 OK
r-patched-solaris-x86 1.0 70.40 OK
r-release-linux-x86_64 1.0 2.50 33.02 35.52 OK
r-release-macos-x86_64 1.0 OK
r-release-windows-ix86+x86_64 1.0 6.00 55.00 61.00 OK
r-oldrel-macos-x86_64 1.0 OK
r-oldrel-windows-ix86+x86_64 1.0 3.00 48.00 51.00 OK

Check Details

Version: 1.0
Check: LazyData
Result: NOTE
     'LazyData' is specified without a 'data' directory
Flavors: r-devel-linux-x86_64-debian-clang, r-devel-linux-x86_64-debian-gcc, r-devel-linux-x86_64-fedora-clang, r-devel-linux-x86_64-fedora-gcc, r-devel-windows-ix86+x86_64, r-devel-windows-x86_64-gcc10-UCRT