CRAN Package Check Results for Package TSMCP

Last updated on 2021-11-30 00:51:45 CET.

Flavor Version Tinstall Tcheck Ttotal Status Flags
r-devel-linux-x86_64-debian-clang 1.0 2.55 33.11 35.66 NOTE
r-devel-linux-x86_64-debian-gcc 1.0 2.32 25.44 27.76 NOTE
r-devel-linux-x86_64-fedora-clang 1.0 57.70 NOTE
r-devel-linux-x86_64-fedora-gcc 1.0 44.08 NOTE
r-devel-windows-x86_64-new-UL 1.0 6.00 74.00 80.00 NOTE
r-devel-windows-x86_64-new-TK 1.0 NOTE
r-devel-windows-x86_64-old 1.0 6.00 44.00 50.00 NOTE
r-patched-linux-x86_64 1.0 2.75 32.48 35.23 NOTE
r-patched-solaris-x86 1.0 71.10 NOTE
r-release-linux-x86_64 1.0 2.85 32.18 35.03 NOTE
r-release-macos-arm64 1.0 NOTE
r-release-macos-x86_64 1.0 NOTE
r-release-windows-ix86+x86_64 1.0 7.00 38.00 45.00 NOTE
r-oldrel-macos-x86_64 1.0 OK
r-oldrel-windows-ix86+x86_64 1.0 6.00 46.00 52.00 OK

Check Details

Version: 1.0
Check: LazyData
Result: NOTE
     'LazyData' is specified without a 'data' directory
Flavors: r-devel-linux-x86_64-debian-clang, r-devel-linux-x86_64-debian-gcc, r-devel-linux-x86_64-fedora-clang, r-devel-linux-x86_64-fedora-gcc, r-devel-windows-x86_64-new-UL, r-devel-windows-x86_64-new-TK, r-devel-windows-x86_64-old, r-patched-linux-x86_64, r-patched-solaris-x86, r-release-linux-x86_64, r-release-macos-arm64, r-release-macos-x86_64, r-release-windows-ix86+x86_64