CRAN Package Check Results for Package TSMSN

Last updated on 2023-01-28 01:50:24 CET.

Flavor Version Tinstall Tcheck Ttotal Status Flags
r-devel-linux-x86_64-debian-clang 0.0.1 3.61 28.24 31.85 NOTE
r-devel-linux-x86_64-debian-gcc 0.0.1 2.31 22.40 24.71 NOTE
r-devel-linux-x86_64-fedora-clang 0.0.1 40.42 NOTE
r-devel-linux-x86_64-fedora-gcc 0.0.1 38.62 NOTE
r-devel-windows-x86_64 0.0.1 9.00 174.00 183.00 NOTE
r-patched-linux-x86_64 0.0.1 3.10 29.78 32.88 NOTE
r-release-linux-x86_64 0.0.1 3.06 30.10 33.16 NOTE
r-release-macos-arm64 0.0.1 16.00 NOTE
r-release-macos-x86_64 0.0.1 25.00 NOTE
r-release-windows-x86_64 0.0.1 12.00 62.00 74.00 NOTE
r-oldrel-macos-arm64 0.0.1 22.00 NOTE
r-oldrel-macos-x86_64 0.0.1 25.00 NOTE
r-oldrel-windows-ix86+x86_64 0.0.1 7.00 57.00 64.00 NOTE

Check Details

Version: 0.0.1
Check: LazyData
Result: NOTE
     'LazyData' is specified without a 'data' directory
Flavors: r-devel-linux-x86_64-debian-clang, r-devel-linux-x86_64-debian-gcc, r-devel-linux-x86_64-fedora-clang, r-devel-linux-x86_64-fedora-gcc, r-devel-windows-x86_64, r-patched-linux-x86_64, r-release-linux-x86_64, r-release-macos-arm64, r-release-macos-x86_64, r-release-windows-x86_64, r-oldrel-macos-arm64, r-oldrel-macos-x86_64, r-oldrel-windows-ix86+x86_64